Last updated on 2025-10-23 11:50:11 CEST.
Flavor | Version | Tinstall | Tcheck | Ttotal | Status | Flags |
---|---|---|---|---|---|---|
r-devel-linux-x86_64-debian-clang | 0.4.7 | 9.27 | 232.91 | 242.18 | NOTE | |
r-devel-linux-x86_64-debian-gcc | 0.4.7 | 7.21 | 159.81 | 167.02 | OK | |
r-devel-linux-x86_64-fedora-clang | 0.4.7 | 56.00 | 343.70 | 399.70 | OK | |
r-devel-linux-x86_64-fedora-gcc | 0.4.7 | 21.00 | 356.46 | 377.46 | OK | |
r-devel-windows-x86_64 | 0.4.7 | 12.00 | 222.00 | 234.00 | OK | |
r-patched-linux-x86_64 | 0.4.7 | 11.03 | 226.05 | 237.08 | OK | |
r-release-linux-x86_64 | 0.4.7 | 9.37 | 222.83 | 232.20 | OK | |
r-release-macos-arm64 | 0.4.7 | 5.00 | 105.00 | 110.00 | OK | |
r-release-macos-x86_64 | 0.4.7 | 9.00 | 200.00 | 209.00 | OK | |
r-release-windows-x86_64 | 0.4.7 | 11.00 | 229.00 | 240.00 | OK | |
r-oldrel-macos-arm64 | 0.4.7 | 4.00 | 106.00 | 110.00 | OK | |
r-oldrel-macos-x86_64 | 0.4.7 | 7.00 | 210.00 | 217.00 | OK | |
r-oldrel-windows-x86_64 | 0.4.7 | 17.00 | 295.00 | 312.00 | OK |
Version: 0.4.7
Check: HTML version of manual
Result: NOTE
Found the following HTML validation problems:
checkSimulations.html:54:1 (checkSimulations.Rd:14): Warning: missing </ul> before </div>
ensurePredictor.html:50:1 (ensurePredictor.Rd:12): Warning: missing </ul> before </div>
plotConventionalResiduals.html:46:1 (plotConventionalResiduals.Rd:10): Warning: missing </ul> before </div>
print.DHARMa.html:51:1 (print.DHARMa.Rd:12): Warning: missing </ul> before </div>
transformQuantiles.html:54:1 (transformQuantiles.Rd:14): Warning: missing </ul> before </div>
Flavor: r-devel-linux-x86_64-debian-clang
These binaries (installable software) and packages are in development.
They may not be fully stable and should be used with caution. We make no claims about them.