Last updated on 2024-05-04 03:50:18 CEST.
Flavor | Version | Tinstall | Tcheck | Ttotal | Status | Flags |
---|---|---|---|---|---|---|
r-devel-linux-x86_64-debian-clang | 0.9.2 | 8.38 | 93.88 | 102.26 | OK | |
r-devel-linux-x86_64-fedora-clang | 0.9.2 | 134.61 | NOTE | |||
r-devel-linux-x86_64-fedora-gcc | 0.9.2 | 136.19 | NOTE | |||
r-devel-windows-x86_64 | 0.9.2 | 10.00 | 90.00 | 100.00 | OK | |
r-patched-linux-x86_64 | 0.9.2 | 7.40 | 88.35 | 95.75 | OK | |
r-release-linux-x86_64 | 0.9.2 | 5.78 | 91.31 | 97.09 | OK | |
r-release-macos-arm64 | 0.9.2 | 43.00 | OK | |||
r-release-windows-x86_64 | 0.9.2 | 8.00 | 87.00 | 95.00 | OK | |
r-oldrel-macos-arm64 | 0.9.2 | 52.00 | OK | |||
r-oldrel-macos-x86_64 | 0.9.2 | 94.00 | OK | |||
r-oldrel-windows-x86_64 | 0.9.2 | 11.00 | 106.00 | 117.00 | OK |
Version: 0.9.2
Check: dependencies in R code
Result: NOTE
Namespace in Imports field not imported from: ‘rlang’
All declared Imports should be used.
Flavors: r-devel-linux-x86_64-fedora-clang, r-devel-linux-x86_64-fedora-gcc
These binaries (installable software) and packages are in development.
They may not be fully stable and should be used with caution. We make no claims about them.