Last updated on 2024-05-04 03:50:18 CEST.
Flavor | Version | Tinstall | Tcheck | Ttotal | Status | Flags |
---|---|---|---|---|---|---|
r-devel-linux-x86_64-debian-clang | 1.0.0 | 9.00 | 75.68 | 84.68 | OK | |
r-devel-linux-x86_64-fedora-clang | 1.0.0 | 102.27 | NOTE | |||
r-devel-linux-x86_64-fedora-gcc | 1.0.0 | 98.36 | NOTE | |||
r-devel-windows-x86_64 | 1.0.0 | 7.00 | 71.00 | 78.00 | OK | |
r-patched-linux-x86_64 | 1.0.0 | 8.93 | 71.86 | 80.79 | OK | |
r-release-linux-x86_64 | 1.0.0 | 8.06 | 71.51 | 79.57 | OK | |
r-release-macos-arm64 | 1.0.0 | 27.00 | OK | |||
r-release-windows-x86_64 | 1.0.0 | 9.00 | 68.00 | 77.00 | OK | |
r-oldrel-macos-arm64 | 1.0.0 | 35.00 | OK | |||
r-oldrel-macos-x86_64 | 1.0.0 | 56.00 | OK | |||
r-oldrel-windows-x86_64 | 1.0.0 | 10.00 | 80.00 | 90.00 | OK |
Version: 1.0.0
Check: dependencies in R code
Result: NOTE
Namespace in Imports field not imported from: ‘MASS’
All declared Imports should be used.
Flavors: r-devel-linux-x86_64-fedora-clang, r-devel-linux-x86_64-fedora-gcc
These binaries (installable software) and packages are in development.
They may not be fully stable and should be used with caution. We make no claims about them.