Last updated on 2024-05-04 03:50:18 CEST.
Flavor | Version | Tinstall | Tcheck | Ttotal | Status | Flags |
---|---|---|---|---|---|---|
r-devel-linux-x86_64-debian-clang | 0.1.2 | 59.94 | 57.94 | 117.88 | OK | |
r-devel-linux-x86_64-fedora-clang | 0.1.2 | 157.69 | OK | |||
r-devel-linux-x86_64-fedora-gcc | 0.1.2 | 176.02 | OK | |||
r-devel-windows-x86_64 | 0.1.2 | 47.00 | 87.00 | 134.00 | OK | |
r-patched-linux-x86_64 | 0.1.2 | 55.79 | 56.49 | 112.28 | OK | |
r-release-linux-x86_64 | 0.1.2 | 53.07 | 56.31 | 109.38 | OK | |
r-release-macos-arm64 | 0.1.2 | 42.00 | NOTE | |||
r-release-windows-x86_64 | 0.1.2 | 44.00 | 82.00 | 126.00 | OK | |
r-oldrel-macos-arm64 | 0.1.2 | 49.00 | NOTE | |||
r-oldrel-macos-x86_64 | 0.1.2 | 84.00 | NOTE | |||
r-oldrel-windows-x86_64 | 0.1.2 | 57.00 | 96.00 | 153.00 | OK |
Version: 0.1.2
Check: installed package size
Result: NOTE
installed size is 6.3Mb
sub-directories of 1Mb or more:
libs 5.7Mb
Flavors: r-release-macos-arm64, r-oldrel-macos-arm64, r-oldrel-macos-x86_64
These binaries (installable software) and packages are in development.
They may not be fully stable and should be used with caution. We make no claims about them.