Last updated on 2025-10-23 11:50:11 CEST.
Flavor | Version | Tinstall | Tcheck | Ttotal | Status | Flags |
---|---|---|---|---|---|---|
r-devel-linux-x86_64-debian-clang | 0.0.4 | 6.97 | 203.73 | 210.70 | OK | |
r-devel-linux-x86_64-debian-gcc | 0.0.4 | 7.66 | 131.36 | 139.02 | OK | |
r-devel-linux-x86_64-fedora-clang | 0.0.4 | 18.00 | 301.99 | 319.99 | OK | |
r-devel-linux-x86_64-fedora-gcc | 0.0.4 | 14.00 | 312.99 | 326.99 | OK | |
r-devel-windows-x86_64 | 0.0.4 | 8.00 | 174.00 | 182.00 | OK | |
r-patched-linux-x86_64 | 0.0.4 | 8.17 | 195.72 | 203.89 | OK | |
r-release-linux-x86_64 | 0.0.4 | 7.17 | 193.28 | 200.45 | OK | |
r-release-macos-arm64 | 0.0.4 | 4.00 | 96.00 | 100.00 | OK | |
r-release-macos-x86_64 | 0.0.4 | 7.00 | 225.00 | 232.00 | OK | |
r-release-windows-x86_64 | 0.0.4 | 8.00 | 174.00 | 182.00 | OK | |
r-oldrel-macos-arm64 | 0.0.4 | 4.00 | 80.00 | 84.00 | NOTE | |
r-oldrel-macos-x86_64 | 0.0.4 | 5.00 | 133.00 | 138.00 | NOTE | |
r-oldrel-windows-x86_64 | 0.0.4 | 10.00 | 247.00 | 257.00 | NOTE |
Version: 0.0.4
Check: LazyData
Result: NOTE
'LazyData' is specified without a 'data' directory
Flavors: r-oldrel-macos-arm64, r-oldrel-macos-x86_64, r-oldrel-windows-x86_64
These binaries (installable software) and packages are in development.
They may not be fully stable and should be used with caution. We make no claims about them.