Last updated on 2024-05-04 03:50:18 CEST.
Flavor | Version | Tinstall | Tcheck | Ttotal | Status | Flags |
---|---|---|---|---|---|---|
r-devel-linux-x86_64-debian-clang | 0.1.4 | 0.68 | 2.39 | 3.07 | ERROR | |
r-devel-linux-x86_64-fedora-clang | 0.1.4 | 896.94 | OK | |||
r-devel-linux-x86_64-fedora-gcc | 0.1.4 | 822.58 | OK | |||
r-devel-windows-x86_64 | 0.1.4 | 11.00 | 6.00 | 17.00 | ERROR | |
r-patched-linux-x86_64 | 0.1.4 | 59.06 | 571.61 | 630.67 | OK | |
r-release-linux-x86_64 | 0.1.4 | 53.90 | 566.93 | 620.83 | OK | |
r-release-macos-arm64 | 0.1.4 | 218.00 | NOTE | |||
r-release-macos-x86_64 | 0.1.4 | 483.00 | OK | |||
r-release-windows-x86_64 | 0.1.4 | 59.00 | 412.00 | 471.00 | OK | |
r-oldrel-macos-arm64 | 0.1.4 | 10.00 | ERROR | |||
r-oldrel-macos-x86_64 | 0.1.4 | 8.00 | ERROR | |||
r-oldrel-windows-x86_64 | 0.1.4 | 30.00 | 6.00 | 36.00 | ERROR |
Version: 0.1.4
Check: package dependencies
Result: ERROR
Packages required but not available: 'GSVA', 'clusterProfiler'
See section ‘The DESCRIPTION file’ in the ‘Writing R Extensions’
manual.
Flavor: r-devel-linux-x86_64-debian-clang
Version: 0.1.4
Check: whether package can be installed
Result: ERROR
Installation failed.
Flavors: r-devel-windows-x86_64, r-oldrel-windows-x86_64
Version: 0.1.4
Check: installed package size
Result: NOTE
installed size is 5.6Mb
sub-directories of 1Mb or more:
data 5.4Mb
Flavor: r-release-macos-arm64
Version: 0.1.4
Check: package dependencies
Result: ERROR
Package required but not available: ‘GSVA’
See section ‘The DESCRIPTION file’ in the ‘Writing R Extensions’
manual.
Flavors: r-oldrel-macos-arm64, r-oldrel-macos-x86_64
These binaries (installable software) and packages are in development.
They may not be fully stable and should be used with caution. We make no claims about them.