Last updated on 2024-05-04 03:50:18 CEST.
Flavor | Version | Tinstall | Tcheck | Ttotal | Status | Flags |
---|---|---|---|---|---|---|
r-devel-linux-x86_64-debian-clang | 2.0.5 | 5.45 | 60.80 | 66.25 | NOTE | |
r-devel-linux-x86_64-fedora-clang | 2.0.5 | 84.02 | NOTE | |||
r-devel-linux-x86_64-fedora-gcc | 2.0.5 | 129.28 | NOTE | |||
r-devel-windows-x86_64 | 2.0.5 | 7.00 | 69.00 | 76.00 | NOTE | |
r-patched-linux-x86_64 | 2.0.5 | 10.64 | 55.50 | 66.14 | NOTE | |
r-release-linux-x86_64 | 2.0.5 | 5.09 | 56.81 | 61.90 | NOTE | |
r-release-macos-arm64 | 2.0.5 | 63.00 | NOTE | |||
r-release-windows-x86_64 | 2.0.5 | 7.00 | 68.00 | 75.00 | NOTE | |
r-oldrel-macos-arm64 | 2.0.5 | 68.00 | NOTE | |||
r-oldrel-macos-x86_64 | 2.0.5 | 108.00 | NOTE | |||
r-oldrel-windows-x86_64 | 2.0.5 | 8.00 | 73.00 | 81.00 | NOTE |
Version: 2.0.5
Check: package dependencies
Result: NOTE
Package suggested but not available for checking: ‘dsBaseClient’
Flavors: r-devel-linux-x86_64-debian-clang, r-devel-linux-x86_64-fedora-clang, r-devel-linux-x86_64-fedora-gcc, r-devel-windows-x86_64, r-patched-linux-x86_64, r-release-linux-x86_64, r-release-macos-arm64, r-release-windows-x86_64, r-oldrel-macos-arm64, r-oldrel-macos-x86_64, r-oldrel-windows-x86_64
These binaries (installable software) and packages are in development.
They may not be fully stable and should be used with caution. We make no claims about them.