Last updated on 2025-10-31 09:50:15 CET.
| Flavor | Version | Tinstall | Tcheck | Ttotal | Status | Flags | 
|---|---|---|---|---|---|---|
| r-devel-linux-x86_64-debian-clang | 0.34.0 | 4.71 | 40.29 | 45.00 | OK | |
| r-devel-linux-x86_64-debian-gcc | 0.34.0 | 3.35 | 30.55 | 33.90 | OK | |
| r-devel-linux-x86_64-fedora-clang | 0.34.0 | 14.00 | 56.22 | 70.22 | OK | |
| r-devel-linux-x86_64-fedora-gcc | 0.34.0 | 24.00 | 66.28 | 90.28 | OK | |
| r-devel-windows-x86_64 | 0.34.0 | 9.00 | 57.00 | 66.00 | OK | |
| r-patched-linux-x86_64 | 0.34.0 | 4.64 | 38.91 | 43.55 | OK | |
| r-release-linux-x86_64 | 0.34.0 | 4.84 | 38.84 | 43.68 | OK | |
| r-release-macos-arm64 | 0.34.0 | 2.00 | 30.00 | 32.00 | OK | |
| r-release-macos-x86_64 | 0.34.0 | 6.00 | 63.00 | 69.00 | OK | |
| r-release-windows-x86_64 | 0.34.0 | 12.00 | 59.00 | 71.00 | OK | |
| r-oldrel-macos-arm64 | 0.34.0 | 2.00 | 41.00 | 43.00 | NOTE | |
| r-oldrel-macos-x86_64 | 0.34.0 | 4.00 | 65.00 | 69.00 | NOTE | |
| r-oldrel-windows-x86_64 | 0.34.0 | 12.00 | 70.00 | 82.00 | NOTE | 
Version: 0.34.0
Check: installed package size
Result: NOTE
    installed size is  6.2Mb
    sub-directories of 1Mb or more:
      htmlwidgets   5.5Mb
Flavors: r-oldrel-macos-arm64, r-oldrel-macos-x86_64, r-oldrel-windows-x86_64
These binaries (installable software) and packages are in development.
They may not be fully stable and should be used with caution. We make no claims about them.