Last updated on 2024-05-04 03:50:17 CEST.
Flavor | Version | Tinstall | Tcheck | Ttotal | Status | Flags |
---|---|---|---|---|---|---|
r-devel-linux-x86_64-debian-clang | 1.3 | 9.12 | 81.00 | 90.12 | NOTE | |
r-devel-linux-x86_64-fedora-clang | 1.3 | 113.35 | NOTE | |||
r-devel-linux-x86_64-fedora-gcc | 1.3 | 113.11 | NOTE | |||
r-devel-windows-x86_64 | 1.3 | 9.00 | 68.00 | 77.00 | NOTE | |
r-patched-linux-x86_64 | 1.3 | 9.04 | 79.68 | 88.72 | NOTE | |
r-release-linux-x86_64 | 1.3 | 9.36 | 76.77 | 86.13 | NOTE | |
r-release-macos-arm64 | 1.3 | 30.00 | NOTE | |||
r-release-windows-x86_64 | 1.3 | 7.00 | 67.00 | 74.00 | NOTE | |
r-oldrel-macos-arm64 | 1.3 | 36.00 | NOTE | |||
r-oldrel-macos-x86_64 | 1.3 | 44.00 | NOTE | |||
r-oldrel-windows-x86_64 | 1.3 | 9.00 | 73.00 | 82.00 | NOTE |
Version: 1.3
Check: LazyData
Result: NOTE
'LazyData' is specified without a 'data' directory
Flavors: r-devel-linux-x86_64-debian-clang, r-devel-linux-x86_64-fedora-clang, r-devel-linux-x86_64-fedora-gcc, r-devel-windows-x86_64, r-patched-linux-x86_64, r-release-linux-x86_64, r-release-macos-arm64, r-release-windows-x86_64, r-oldrel-macos-arm64, r-oldrel-macos-x86_64, r-oldrel-windows-x86_64
These binaries (installable software) and packages are in development.
They may not be fully stable and should be used with caution. We make no claims about them.