Last updated on 2025-10-25 05:49:59 CEST.
| Flavor | Version | Tinstall | Tcheck | Ttotal | Status | Flags | 
|---|---|---|---|---|---|---|
| r-devel-linux-x86_64-debian-clang | 1.0.3 | 4.55 | 421.78 | 426.33 | NOTE | |
| r-devel-linux-x86_64-debian-gcc | 1.0.3 | 2.67 | 302.48 | 305.15 | NOTE | |
| r-devel-linux-x86_64-fedora-clang | 1.0.3 | 572.79 | NOTE | |||
| r-devel-linux-x86_64-fedora-gcc | 1.0.3 | 568.48 | NOTE | |||
| r-devel-windows-x86_64 | 1.0.3 | 7.00 | 386.00 | 393.00 | NOTE | |
| r-patched-linux-x86_64 | 1.0.3 | 4.36 | 417.01 | 421.37 | NOTE | |
| r-release-linux-x86_64 | 1.0.3 | 4.19 | 416.12 | 420.31 | NOTE | |
| r-release-macos-arm64 | 1.0.3 | 2.00 | 169.00 | 171.00 | NOTE | |
| r-release-macos-x86_64 | 1.0.3 | 4.00 | 390.00 | 394.00 | NOTE | |
| r-release-windows-x86_64 | 1.0.3 | 8.00 | 387.00 | 395.00 | NOTE | |
| r-oldrel-macos-arm64 | 1.0.3 | 2.00 | 158.00 | 160.00 | NOTE | |
| r-oldrel-macos-x86_64 | 1.0.3 | 3.00 | 257.00 | 260.00 | NOTE | |
| r-oldrel-windows-x86_64 | 1.0.3 | 8.00 | 488.00 | 496.00 | NOTE | 
Version: 1.0.3
Check: Rd files
Result: NOTE
  checkRd: (-1) kin.Rd:49-50: Lost braces in \itemize; \value handles \item{}{} directly
  checkRd: (-1) kin.Rd:51-52: Lost braces in \itemize; \value handles \item{}{} directly
  checkRd: (-1) kin.Rd:53-61: Lost braces
      53 | {\itemize{
         | ^
  checkRd: (-1) kin.Rd:54: Lost braces in \itemize; \value handles \item{}{} directly
  checkRd: (-1) kin.Rd:55: Lost braces in \itemize; \value handles \item{}{} directly
  checkRd: (-1) kin.Rd:56: Lost braces in \itemize; \value handles \item{}{} directly
  checkRd: (-1) kin.Rd:57: Lost braces in \itemize; \value handles \item{}{} directly
  checkRd: (-1) kin.Rd:58: Lost braces in \itemize; \value handles \item{}{} directly
  checkRd: (-1) kin.Rd:59: Lost braces in \itemize; \value handles \item{}{} directly
  checkRd: (-1) kin2sex.Rd:56-57: Lost braces in \itemize; \value handles \item{}{} directly
  checkRd: (-1) kin2sex.Rd:58: Lost braces in \itemize; \value handles \item{}{} directly
  checkRd: (-1) kin2sex.Rd:59-67: Lost braces
      59 | {\itemize{
         | ^
  checkRd: (-1) kin2sex.Rd:60: Lost braces in \itemize; \value handles \item{}{} directly
  checkRd: (-1) kin2sex.Rd:61: Lost braces in \itemize; \value handles \item{}{} directly
  checkRd: (-1) kin2sex.Rd:62: Lost braces in \itemize; \value handles \item{}{} directly
  checkRd: (-1) kin2sex.Rd:63: Lost braces in \itemize; \value handles \item{}{} directly
  checkRd: (-1) kin2sex.Rd:64: Lost braces in \itemize; \value handles \item{}{} directly
  checkRd: (-1) kin2sex.Rd:65: Lost braces in \itemize; \value handles \item{}{} directly
Flavors: r-devel-linux-x86_64-debian-clang, r-devel-linux-x86_64-debian-gcc, r-devel-linux-x86_64-fedora-clang, r-devel-linux-x86_64-fedora-gcc, r-devel-windows-x86_64, r-patched-linux-x86_64, r-release-linux-x86_64, r-release-macos-arm64, r-release-macos-x86_64, r-release-windows-x86_64, r-oldrel-macos-arm64, r-oldrel-macos-x86_64, r-oldrel-windows-x86_64
Version: 1.0.3
Check: installed package size
Result: NOTE
    installed size is  5.7Mb
    sub-directories of 1Mb or more:
      data   1.2Mb
      doc    3.1Mb
      help   1.3Mb
Flavors: r-oldrel-macos-arm64, r-oldrel-macos-x86_64, r-oldrel-windows-x86_64
These binaries (installable software) and packages are in development.
They may not be fully stable and should be used with caution. We make no claims about them.