CRAN Package Check Results for Package DidacticBoost

Last updated on 2025-11-17 05:49:36 CET.

Flavor Version Tinstall Tcheck Ttotal Status Flags
r-devel-linux-x86_64-debian-clang 0.1.1 1.72 20.22 21.94 OK
r-devel-linux-x86_64-debian-gcc 0.1.1 1.34 17.31 18.65 OK
r-devel-linux-x86_64-fedora-clang 0.1.1 32.75 OK
r-devel-linux-x86_64-fedora-gcc 0.1.1 32.53 OK
r-devel-windows-x86_64 0.1.1 4.00 38.00 42.00 OK
r-patched-linux-x86_64 0.1.1 1.68 19.46 21.14 OK
r-release-linux-x86_64 0.1.1 1.72 19.23 20.95 OK
r-release-macos-arm64 0.1.1 1.00 15.00 16.00 OK
r-release-macos-x86_64 0.1.1 2.00 22.00 24.00 OK
r-release-windows-x86_64 0.1.1 3.00 39.00 42.00 OK
r-oldrel-macos-arm64 0.1.1 1.00 14.00 15.00 NOTE
r-oldrel-macos-x86_64 0.1.1 2.00 20.00 22.00 NOTE
r-oldrel-windows-x86_64 0.1.1 3.00 44.00 47.00 NOTE

Check Details

Version: 0.1.1
Check: LazyData
Result: NOTE 'LazyData' is specified without a 'data' directory Flavors: r-oldrel-macos-arm64, r-oldrel-macos-x86_64, r-oldrel-windows-x86_64

These binaries (installable software) and packages are in development.
They may not be fully stable and should be used with caution. We make no claims about them.