Last updated on 2024-05-04 03:50:18 CEST.
Flavor | Version | Tinstall | Tcheck | Ttotal | Status | Flags |
---|---|---|---|---|---|---|
r-devel-linux-x86_64-debian-clang | 0.12 | 7.72 | 116.34 | 124.06 | NOTE | |
r-devel-linux-x86_64-fedora-clang | 0.12 | 148.14 | NOTE | |||
r-devel-linux-x86_64-fedora-gcc | 0.12 | 149.15 | NOTE | |||
r-devel-windows-x86_64 | 0.12 | 10.00 | 102.00 | 112.00 | NOTE | |
r-patched-linux-x86_64 | 0.12 | 12.23 | 106.84 | 119.07 | NOTE | |
r-release-linux-x86_64 | 0.12 | 8.53 | 105.79 | 114.32 | NOTE | |
r-release-macos-arm64 | 0.12 | 46.00 | NOTE | |||
r-release-windows-x86_64 | 0.12 | 11.00 | 101.00 | 112.00 | NOTE | |
r-oldrel-macos-arm64 | 0.12 | 53.00 | OK | |||
r-oldrel-macos-x86_64 | 0.12 | 128.00 | OK | |||
r-oldrel-windows-x86_64 | 0.12 | 13.00 | 122.00 | 135.00 | OK |
Version: 0.12
Check: Rd files
Result: NOTE
checkRd: (-1) rsmformula.Rd:96: Lost braces
96 | URL{http://www.jstatsoft.org/v32/i07/}.
| ^
Flavors: r-devel-linux-x86_64-debian-clang, r-devel-linux-x86_64-fedora-clang, r-devel-linux-x86_64-fedora-gcc, r-devel-windows-x86_64, r-patched-linux-x86_64, r-release-linux-x86_64, r-release-macos-arm64, r-release-windows-x86_64
These binaries (installable software) and packages are in development.
They may not be fully stable and should be used with caution. We make no claims about them.