Last updated on 2024-05-04 03:50:18 CEST.
Flavor | Version | Tinstall | Tcheck | Ttotal | Status | Flags |
---|---|---|---|---|---|---|
r-devel-linux-x86_64-debian-clang | 0.1.2 | 4.89 | 56.82 | 61.71 | OK | |
r-devel-linux-x86_64-fedora-clang | 0.1.2 | 73.25 | NOTE | |||
r-devel-linux-x86_64-fedora-gcc | 0.1.2 | 68.26 | OK | |||
r-devel-windows-x86_64 | 0.1.2 | 13.00 | 77.00 | 90.00 | NOTE | |
r-patched-linux-x86_64 | 0.1.0 | 4.29 | 51.35 | 55.64 | OK | |
r-release-linux-x86_64 | 0.1.0 | 4.17 | 51.25 | 55.42 | OK | |
r-release-macos-arm64 | 0.1.2 | 35.00 | NOTE | |||
r-release-macos-x86_64 | 0.1.2 | 64.00 | NOTE | |||
r-release-windows-x86_64 | 0.1.2 | 13.00 | 63.00 | 76.00 | NOTE | |
r-oldrel-macos-arm64 | 0.1.2 | 31.00 | NOTE | |||
r-oldrel-macos-x86_64 | 0.1.2 | 64.00 | NOTE | |||
r-oldrel-windows-x86_64 | 0.1.2 | 13.00 | 68.00 | 81.00 | NOTE |
Version: 0.1.2
Check: installed package size
Result: NOTE
installed size is 5.9Mb
sub-directories of 1Mb or more:
extdata 5.7Mb
Flavors: r-devel-linux-x86_64-fedora-clang, r-devel-windows-x86_64, r-release-macos-arm64, r-release-macos-x86_64, r-release-windows-x86_64, r-oldrel-macos-arm64, r-oldrel-macos-x86_64, r-oldrel-windows-x86_64
These binaries (installable software) and packages are in development.
They may not be fully stable and should be used with caution. We make no claims about them.