Last updated on 2025-10-23 21:51:25 CEST.
Flavor | Version | Tinstall | Tcheck | Ttotal | Status | Flags |
---|---|---|---|---|---|---|
r-devel-linux-x86_64-debian-clang | 0.1.0 | 6.28 | 71.82 | 78.10 | OK | |
r-devel-linux-x86_64-debian-gcc | 0.1.0 | 5.16 | 50.86 | 56.02 | OK | |
r-devel-linux-x86_64-fedora-clang | 0.1.0 | 17.00 | 100.42 | 117.42 | OK | |
r-devel-linux-x86_64-fedora-gcc | 0.1.0 | 15.00 | 96.45 | 111.45 | OK | |
r-devel-windows-x86_64 | 0.1.0 | 9.00 | 75.00 | 84.00 | OK | |
r-patched-linux-x86_64 | 0.1.0 | 7.32 | 65.99 | 73.31 | OK | |
r-release-linux-x86_64 | 0.1.0 | 7.20 | 67.29 | 74.49 | OK | |
r-release-macos-arm64 | 0.1.0 | 6.00 | 33.00 | 39.00 | OK | |
r-release-macos-x86_64 | 0.1.0 | 10.00 | 91.00 | 101.00 | OK | |
r-release-windows-x86_64 | 0.1.0 | 12.00 | 77.00 | 89.00 | OK | |
r-oldrel-macos-arm64 | 0.1.0 | 3.00 | 28.00 | 31.00 | NOTE | |
r-oldrel-macos-x86_64 | 0.1.0 | 5.00 | 40.00 | 45.00 | NOTE | |
r-oldrel-windows-x86_64 | 0.1.0 | 12.00 | 96.00 | 108.00 | NOTE |
Version: 0.1.0
Check: LazyData
Result: NOTE
'LazyData' is specified without a 'data' directory
Flavors: r-oldrel-macos-arm64, r-oldrel-macos-x86_64, r-oldrel-windows-x86_64
These binaries (installable software) and packages are in development.
They may not be fully stable and should be used with caution. We make no claims about them.