Last updated on 2024-05-04 03:50:18 CEST.
Flavor | Version | Tinstall | Tcheck | Ttotal | Status | Flags |
---|---|---|---|---|---|---|
r-devel-linux-x86_64-debian-clang | 0.1.5 | 4.66 | 55.46 | 60.12 | NOTE | |
r-devel-linux-x86_64-fedora-clang | 0.1.5 | 72.85 | NOTE | |||
r-devel-linux-x86_64-fedora-gcc | 0.1.5 | 82.26 | NOTE | |||
r-devel-windows-x86_64 | 0.1.5 | 4.00 | 80.00 | 84.00 | NOTE | |
r-patched-linux-x86_64 | 0.1.5 | 4.62 | 52.86 | 57.48 | NOTE | |
r-release-linux-x86_64 | 0.1.5 | 3.91 | 51.06 | 54.97 | NOTE | |
r-release-macos-arm64 | 0.1.5 | 35.00 | NOTE | |||
r-release-windows-x86_64 | 0.1.5 | 5.00 | 80.00 | 85.00 | NOTE | |
r-oldrel-macos-arm64 | 0.1.5 | 33.00 | NOTE | |||
r-oldrel-macos-x86_64 | 0.1.5 | 41.00 | NOTE | |||
r-oldrel-windows-x86_64 | 0.1.5 | 5.00 | 79.00 | 84.00 | NOTE |
Version: 0.1.5
Check: Rd files
Result: NOTE
checkRd: (-1) prepareInitsLM.Rd:21-23: Lost braces in \itemize; \value handles \item{}{} directly
Flavors: r-devel-linux-x86_64-debian-clang, r-devel-linux-x86_64-fedora-clang, r-devel-linux-x86_64-fedora-gcc, r-devel-windows-x86_64, r-patched-linux-x86_64, r-release-linux-x86_64, r-release-macos-arm64, r-release-windows-x86_64
Version: 0.1.5
Check: LazyData
Result: NOTE
'LazyData' is specified without a 'data' directory
Flavors: r-devel-linux-x86_64-debian-clang, r-devel-linux-x86_64-fedora-clang, r-devel-linux-x86_64-fedora-gcc, r-devel-windows-x86_64, r-patched-linux-x86_64, r-release-linux-x86_64, r-release-macos-arm64, r-release-windows-x86_64, r-oldrel-macos-arm64, r-oldrel-macos-x86_64, r-oldrel-windows-x86_64
These binaries (installable software) and packages are in development.
They may not be fully stable and should be used with caution. We make no claims about them.