Last updated on 2024-05-04 03:50:19 CEST.
Flavor | Version | Tinstall | Tcheck | Ttotal | Status | Flags |
---|---|---|---|---|---|---|
r-devel-linux-x86_64-debian-clang | 0.1.4 | 73.29 | 80.33 | 153.62 | OK | |
r-devel-linux-x86_64-fedora-clang | 0.1.4 | 214.07 | OK | |||
r-devel-linux-x86_64-fedora-gcc | 0.1.4 | 205.04 | OK | |||
r-devel-windows-x86_64 | 0.1.4 | 54.00 | 112.00 | 166.00 | OK | |
r-patched-linux-x86_64 | 0.1.4 | 65.39 | 75.95 | 141.34 | OK | |
r-release-linux-x86_64 | 0.1.4 | 62.47 | 77.41 | 139.88 | OK | |
r-release-macos-arm64 | 0.1.4 | 45.00 | NOTE | |||
r-release-windows-x86_64 | 0.1.4 | 53.00 | 127.00 | 180.00 | OK | |
r-oldrel-macos-arm64 | 0.1.4 | 55.00 | NOTE | |||
r-oldrel-macos-x86_64 | 0.1.4 | 90.00 | NOTE | |||
r-oldrel-windows-x86_64 | 0.1.4 | 66.00 | 122.00 | 188.00 | OK |
Version: 0.1.4
Check: installed package size
Result: NOTE
installed size is 6.0Mb
sub-directories of 1Mb or more:
data 2.0Mb
libs 3.9Mb
Flavors: r-release-macos-arm64, r-oldrel-macos-arm64, r-oldrel-macos-x86_64
These binaries (installable software) and packages are in development.
They may not be fully stable and should be used with caution. We make no claims about them.