CRAN Package Check Results for Package ERP

Last updated on 2025-11-21 07:49:34 CET.

Flavor Version Tinstall Tcheck Ttotal Status Flags
r-devel-linux-x86_64-debian-clang 2.2 8.80 185.56 194.36 NOTE
r-devel-linux-x86_64-debian-gcc 2.2 5.88 147.94 153.82 NOTE
r-devel-linux-x86_64-fedora-clang 2.2 18.00 272.21 290.21 NOTE
r-devel-linux-x86_64-fedora-gcc 2.2 21.00 280.07 301.07 NOTE
r-devel-windows-x86_64 2.2 10.00 205.00 215.00 NOTE
r-patched-linux-x86_64 2.2 8.18 201.88 210.06 NOTE
r-release-linux-x86_64 2.2 8.53 206.79 215.32 NOTE
r-release-macos-arm64 2.2 NOTE
r-release-macos-x86_64 2.2 12.00 371.00 383.00 NOTE
r-release-windows-x86_64 2.2 9.00 236.00 245.00 NOTE
r-oldrel-macos-arm64 2.2 NOTE
r-oldrel-macos-x86_64 2.2 10.00 299.00 309.00 NOTE
r-oldrel-windows-x86_64 2.2 13.00 262.00 275.00 NOTE

Check Details

Version: 2.2
Check: CRAN incoming feasibility
Result: NOTE Maintainer: ‘David Causeur <david.causeur@agrocampus-ouest.fr>’ No Authors@R field in DESCRIPTION. Please add one, modifying Authors@R: c(person(given = "David", family = "Causeur", role = c("aut", "cre"), email = "david.causeur@agrocampus-ouest.fr"), person(given = "Ching-Fan", family = "Sheu", role = "aut"), person(given = "Mei-Chen", family = "Chu", role = "aut"), person(given = "Flavia", family = "Rufini", role = "aut")) as necessary. Flavors: r-devel-linux-x86_64-debian-clang, r-devel-linux-x86_64-debian-gcc

Version: 2.2
Check: Rd files
Result: NOTE checkRd: (-1) ifa.Rd:16: Lost braces; missing escapes or markup? 16 | If Sigma has the q-factor decomposition Sigma=diag(Psi)+BB', then Sigma^{-1} | ^ checkRd: (-1) ifa.Rd:17: Lost braces; missing escapes or markup? 17 | has the corresponding q-factor decomposition Sigma^{-1}=diag(phi)(I-theta theta')diag(phi), where theta is a mxq matrix and phi the vector of | ^ checkRd: (-1) ifa.Rd:21: Lost braces; missing escapes or markup? 21 | \item{iSB}{m x q matrix (diag(Psi)+BB')^{-1}B.} | ^ checkRd: (-1) isqrtfa.Rd:15: Lost braces; missing escapes or markup? 15 | If Sigma has the q-factor decomposition Sigma=diag(Psi)+BB', then the function returns a matrix Omega such that Sigma^{-1} = Omega Omega'. Equivalently, | ^ Flavors: r-devel-linux-x86_64-debian-clang, r-devel-linux-x86_64-debian-gcc, r-devel-linux-x86_64-fedora-clang, r-devel-linux-x86_64-fedora-gcc, r-devel-windows-x86_64, r-patched-linux-x86_64, r-release-linux-x86_64, r-release-macos-arm64, r-release-macos-x86_64, r-release-windows-x86_64, r-oldrel-macos-arm64, r-oldrel-macos-x86_64, r-oldrel-windows-x86_64

These binaries (installable software) and packages are in development.
They may not be fully stable and should be used with caution. We make no claims about them.