Last updated on 2024-05-04 03:50:18 CEST.
Flavor | Version | Tinstall | Tcheck | Ttotal | Status | Flags |
---|---|---|---|---|---|---|
r-devel-linux-x86_64-debian-clang | 0.2.3 | 6.19 | 111.92 | 118.11 | NOTE | |
r-devel-linux-x86_64-fedora-clang | 0.2.3 | 141.94 | NOTE | |||
r-devel-linux-x86_64-fedora-gcc | 0.2.3 | 148.65 | NOTE | |||
r-devel-windows-x86_64 | 0.2.3 | 6.00 | 105.00 | 111.00 | NOTE | |
r-patched-linux-x86_64 | 0.2.3 | 4.02 | 105.81 | 109.83 | NOTE | |
r-release-linux-x86_64 | 0.2.3 | 3.44 | 107.94 | 111.38 | NOTE | |
r-release-macos-arm64 | 0.2.3 | 40.00 | NOTE | |||
r-release-windows-x86_64 | 0.2.3 | 7.00 | 102.00 | 109.00 | NOTE | |
r-oldrel-macos-arm64 | 0.2.3 | 44.00 | NOTE | |||
r-oldrel-macos-x86_64 | 0.2.3 | 76.00 | NOTE | |||
r-oldrel-windows-x86_64 | 0.2.3 | 7.00 | 132.00 | 139.00 | NOTE |
Version: 0.2.3
Check: LazyData
Result: NOTE
'LazyData' is specified without a 'data' directory
Flavors: r-devel-linux-x86_64-debian-clang, r-devel-linux-x86_64-fedora-clang, r-devel-linux-x86_64-fedora-gcc, r-devel-windows-x86_64, r-patched-linux-x86_64, r-release-linux-x86_64, r-release-macos-arm64, r-release-windows-x86_64, r-oldrel-macos-arm64, r-oldrel-macos-x86_64, r-oldrel-windows-x86_64
Version: 0.2.3
Check: dependencies in R code
Result: NOTE
Namespaces in Imports field not imported from:
‘Rmisc’ ‘rlang’
All declared Imports should be used.
Flavors: r-devel-linux-x86_64-fedora-clang, r-devel-linux-x86_64-fedora-gcc
These binaries (installable software) and packages are in development.
They may not be fully stable and should be used with caution. We make no claims about them.