Last updated on 2024-05-04 03:50:18 CEST.
Flavor | Version | Tinstall | Tcheck | Ttotal | Status | Flags |
---|---|---|---|---|---|---|
r-devel-linux-x86_64-debian-clang | 1.9-1 | 7.23 | 62.56 | 69.79 | OK | |
r-devel-linux-x86_64-fedora-clang | 1.9-1 | 87.67 | NOTE | |||
r-devel-linux-x86_64-fedora-gcc | 1.9-1 | 87.03 | OK | |||
r-devel-windows-x86_64 | 1.9-1 | 8.00 | 65.00 | 73.00 | OK | |
r-patched-linux-x86_64 | 1.9-1 | 9.00 | 60.03 | 69.03 | OK | |
r-release-linux-x86_64 | 1.9-1 | 6.74 | 59.81 | 66.55 | OK | |
r-release-macos-arm64 | 1.9-1 | 27.00 | OK | |||
r-release-windows-x86_64 | 1.9-1 | 8.00 | 63.00 | 71.00 | OK | |
r-oldrel-macos-arm64 | 1.9-1 | 28.00 | OK | |||
r-oldrel-macos-x86_64 | 1.9-1 | 51.00 | NOTE | |||
r-oldrel-windows-x86_64 | 1.9-1 | 9.00 | 71.00 | 80.00 | OK |
Version: 1.9-1
Check: Rd cross-references
Result: NOTE
Undeclared packages ‘carData’, ‘faraway’ in Rd xrefs
Flavor: r-devel-linux-x86_64-fedora-clang
Version: 1.9-1
Check: Rd cross-references
Result: NOTE
Package unavailable to check Rd xrefs: ‘faraway’
Flavor: r-oldrel-macos-x86_64
These binaries (installable software) and packages are in development.
They may not be fully stable and should be used with caution. We make no claims about them.