Last updated on 2024-05-04 03:50:18 CEST.
Flavor | Version | Tinstall | Tcheck | Ttotal | Status | Flags |
---|---|---|---|---|---|---|
r-devel-linux-x86_64-debian-clang | 0.29.4 | 34.17 | 109.42 | 143.59 | OK | |
r-devel-linux-x86_64-fedora-clang | 0.29.4 | 198.80 | NOTE | |||
r-devel-linux-x86_64-fedora-gcc | 0.29.4 | 210.06 | OK | |||
r-devel-windows-x86_64 | 0.29.4 | 29.00 | 136.00 | 165.00 | NOTE | |
r-patched-linux-x86_64 | 0.29.4 | 34.18 | 111.90 | 146.08 | OK | |
r-release-linux-x86_64 | 0.29.4 | 33.93 | 109.14 | 143.07 | OK | |
r-release-macos-arm64 | 0.29.4 | 74.00 | OK | |||
r-release-windows-x86_64 | 0.29.4 | 28.00 | 136.00 | 164.00 | NOTE | |
r-oldrel-macos-arm64 | 0.29.4 | 79.00 | OK | |||
r-oldrel-macos-x86_64 | 0.29.4 | 129.00 | OK | |||
r-oldrel-windows-x86_64 | 0.29.4 | 35.00 | 152.00 | 187.00 | NOTE |
Version: 0.29.4
Check: Rd cross-references
Result: NOTE
Undeclared package ‘EloRating’ in Rd xrefs
Flavor: r-devel-linux-x86_64-fedora-clang
Version: 0.29.4
Check: C++ specification
Result: NOTE
Specified C++11: please drop specification unless essential
Flavors: r-devel-windows-x86_64, r-release-windows-x86_64, r-oldrel-windows-x86_64
These binaries (installable software) and packages are in development.
They may not be fully stable and should be used with caution. We make no claims about them.