Last updated on 2024-05-04 03:50:18 CEST.
Flavor | Version | Tinstall | Tcheck | Ttotal | Status | Flags |
---|---|---|---|---|---|---|
r-devel-linux-x86_64-debian-clang | 0.46.11 | 75.64 | 199.78 | 275.42 | OK | |
r-devel-linux-x86_64-fedora-clang | 0.46.11 | 362.99 | OK | |||
r-devel-linux-x86_64-fedora-gcc | 0.46.11 | 371.30 | OK | |||
r-devel-windows-x86_64 | 0.46.11 | 60.00 | 281.00 | 341.00 | NOTE | |
r-patched-linux-x86_64 | 0.46.11 | 71.90 | 193.26 | 265.16 | OK | |
r-release-linux-x86_64 | 0.46.11 | 68.47 | 191.35 | 259.82 | OK | |
r-release-macos-arm64 | 0.46.11 | 85.00 | OK | |||
r-release-windows-x86_64 | 0.46.11 | 60.00 | 276.00 | 336.00 | NOTE | |
r-oldrel-macos-arm64 | 0.46.11 | 101.00 | OK | |||
r-oldrel-macos-x86_64 | 0.46.11 | 156.00 | OK | |||
r-oldrel-windows-x86_64 | 0.46.11 | 74.00 | 285.00 | 359.00 | NOTE |
Version: 0.46.11
Check: C++ specification
Result: NOTE
Specified C++11: please drop specification unless essential
Flavors: r-devel-windows-x86_64, r-release-windows-x86_64, r-oldrel-windows-x86_64
These binaries (installable software) and packages are in development.
They may not be fully stable and should be used with caution. We make no claims about them.