Last updated on 2024-05-04 03:50:19 CEST.
Flavor | Version | Tinstall | Tcheck | Ttotal | Status | Flags |
---|---|---|---|---|---|---|
r-devel-linux-x86_64-debian-clang | 0.1.1 | 15.02 | 171.35 | 186.37 | OK | |
r-devel-linux-x86_64-fedora-clang | 0.1.1 | 236.59 | NOTE | |||
r-devel-linux-x86_64-fedora-gcc | 0.1.1 | 236.71 | OK | |||
r-devel-windows-x86_64 | 0.1.1 | 14.00 | 134.00 | 148.00 | OK | |
r-patched-linux-x86_64 | 0.1.1 | 21.42 | 162.49 | 183.91 | OK | |
r-release-linux-x86_64 | 0.1.1 | 11.12 | 161.10 | 172.22 | OK | |
r-release-macos-arm64 | 0.1.1 | 67.00 | OK | |||
r-release-macos-x86_64 | 0.1.1 | 133.00 | OK | |||
r-release-windows-x86_64 | 0.1.1 | 15.00 | 133.00 | 148.00 | OK | |
r-oldrel-macos-arm64 | 0.1.1 | 73.00 | OK | |||
r-oldrel-macos-x86_64 | 0.1.1 | 146.00 | OK | |||
r-oldrel-windows-x86_64 | 0.1.1 | 20.00 | 169.00 | 189.00 | OK |
Version: 0.1.1
Check: package dependencies
Result: NOTE
Imports includes 23 non-default packages.
Importing from so many packages makes the package vulnerable to any of
them becoming unavailable. Move as many as possible to Suggests and
use conditionally.
Flavor: r-devel-linux-x86_64-fedora-clang
These binaries (installable software) and packages are in development.
They may not be fully stable and should be used with caution. We make no claims about them.