Last updated on 2024-05-04 03:50:19 CEST.
Flavor | Version | Tinstall | Tcheck | Ttotal | Status | Flags |
---|---|---|---|---|---|---|
r-devel-linux-x86_64-debian-clang | 0.1.2 | 7.81 | 63.92 | 71.73 | OK | |
r-devel-linux-x86_64-fedora-clang | 0.1.2 | 89.39 | NOTE | |||
r-devel-linux-x86_64-fedora-gcc | 0.1.2 | 85.72 | NOTE | |||
r-devel-windows-x86_64 | 0.1.2 | 8.00 | 63.00 | 71.00 | OK | |
r-patched-linux-x86_64 | 0.1.2 | 4.88 | 62.22 | 67.10 | OK | |
r-release-linux-x86_64 | 0.1.2 | 4.96 | 61.84 | 66.80 | OK | |
r-release-macos-arm64 | 0.1.2 | 31.00 | OK | |||
r-release-windows-x86_64 | 0.1.2 | 8.00 | 64.00 | 72.00 | OK | |
r-oldrel-macos-arm64 | 0.1.2 | 34.00 | OK | |||
r-oldrel-macos-x86_64 | 0.1.2 | 59.00 | OK | |||
r-oldrel-windows-x86_64 | 0.1.2 | 9.00 | 74.00 | 83.00 | OK |
Version: 0.1.2
Check: dependencies in R code
Result: NOTE
Namespace in Imports field not imported from: ‘gamlss.dist’
All declared Imports should be used.
Flavors: r-devel-linux-x86_64-fedora-clang, r-devel-linux-x86_64-fedora-gcc
These binaries (installable software) and packages are in development.
They may not be fully stable and should be used with caution. We make no claims about them.