Last updated on 2025-10-23 17:50:47 CEST.
Flavor | Version | Tinstall | Tcheck | Ttotal | Status | Flags |
---|---|---|---|---|---|---|
r-devel-linux-x86_64-debian-clang | 1.3.6 | 6.93 | 65.15 | 72.08 | NOTE | |
r-devel-linux-x86_64-debian-gcc | 1.3.6 | 6.12 | 51.40 | 57.52 | NOTE | |
r-devel-linux-x86_64-fedora-clang | 1.3.6 | 15.00 | 95.34 | 110.34 | OK | |
r-devel-linux-x86_64-fedora-gcc | 1.3.6 | 18.00 | 88.07 | 106.07 | OK | |
r-devel-windows-x86_64 | 1.3.6 | 8.00 | 73.00 | 81.00 | OK | |
r-patched-linux-x86_64 | 1.3.6 | 7.03 | 64.43 | 71.46 | OK | |
r-release-linux-x86_64 | 1.3.6 | 6.69 | 63.85 | 70.54 | OK | |
r-release-macos-arm64 | 1.3.6 | 4.00 | 36.00 | 40.00 | OK | |
r-release-macos-x86_64 | 1.3.6 | 7.00 | 68.00 | 75.00 | OK | |
r-release-windows-x86_64 | 1.3.6 | 8.00 | 83.00 | 91.00 | OK | |
r-oldrel-macos-arm64 | 1.3.6 | 4.00 | 31.00 | 35.00 | OK | |
r-oldrel-macos-x86_64 | 1.3.6 | 8.00 | 86.00 | 94.00 | OK | |
r-oldrel-windows-x86_64 | 1.3.6 | 10.00 | 96.00 | 106.00 | OK |
Version: 1.3.6
Check: CRAN incoming feasibility
Result: NOTE
Maintainer: ‘Joshua French <joshua.french@ucdenver.edu>’
No Authors@R field in DESCRIPTION.
Please add one, modifying
Authors@R: person(given = "Joshua",
family = "French",
role = c("aut", "cre"),
email = "joshua.french@ucdenver.edu")
as necessary.
Flavors: r-devel-linux-x86_64-debian-clang, r-devel-linux-x86_64-debian-gcc
These binaries (installable software) and packages are in development.
They may not be fully stable and should be used with caution. We make no claims about them.