Last updated on 2024-05-04 03:50:19 CEST.
Flavor | Version | Tinstall | Tcheck | Ttotal | Status | Flags |
---|---|---|---|---|---|---|
r-devel-linux-x86_64-debian-clang | 1.0-12.3 | 13.75 | 106.00 | 119.75 | NOTE | |
r-devel-linux-x86_64-fedora-clang | 1.0-12.3 | 147.77 | NOTE | |||
r-devel-linux-x86_64-fedora-gcc | 1.0-12.3 | 141.54 | NOTE | |||
r-devel-windows-x86_64 | 1.0-12.3 | 14.00 | 91.00 | 105.00 | OK | |
r-patched-linux-x86_64 | 1.0-12.3 | 14.03 | 102.85 | 116.88 | NOTE | |
r-release-linux-x86_64 | 1.0-12.3 | 11.73 | 102.93 | 114.66 | NOTE | |
r-release-macos-arm64 | 1.0-12.3 | 45.00 | OK | |||
r-release-windows-x86_64 | 1.0-12.3 | 12.00 | 91.00 | 103.00 | OK | |
r-oldrel-macos-arm64 | 1.0-12.3 | 51.00 | OK | |||
r-oldrel-macos-x86_64 | 1.0-12.3 | 123.00 | OK | |||
r-oldrel-windows-x86_64 | 1.0-12.3 | 16.00 | 113.00 | 129.00 | OK |
Version: 1.0-12.3
Check: for non-standard things in the check directory
Result: NOTE
Found the following files/directories:
‘vert.txt’
Flavors: r-devel-linux-x86_64-debian-clang, r-devel-linux-x86_64-fedora-clang, r-devel-linux-x86_64-fedora-gcc, r-patched-linux-x86_64, r-release-linux-x86_64
Version: 1.0-12.3
Check: compiled code
Result: NOTE
File ‘FD/libs/FD.so’:
Found no calls to: ‘R_registerRoutines’, ‘R_useDynamicSymbols’
It is good practice to register native routines and to disable symbol
search.
See ‘Writing portable packages’ in the ‘Writing R Extensions’ manual.
Flavors: r-devel-linux-x86_64-fedora-clang, r-devel-linux-x86_64-fedora-gcc
These binaries (installable software) and packages are in development.
They may not be fully stable and should be used with caution. We make no claims about them.