Last updated on 2024-05-04 03:50:19 CEST.
Flavor | Version | Tinstall | Tcheck | Ttotal | Status | Flags |
---|---|---|---|---|---|---|
r-devel-linux-x86_64-debian-clang | 1.0 | 1.96 | 22.29 | 24.25 | NOTE | |
r-devel-linux-x86_64-fedora-clang | 1.0 | 30.30 | NOTE | |||
r-devel-linux-x86_64-fedora-gcc | 1.0 | 28.75 | NOTE | |||
r-devel-windows-x86_64 | 1.0 | 2.00 | 38.00 | 40.00 | NOTE | |
r-patched-linux-x86_64 | 1.0 | 1.98 | 21.55 | 23.53 | NOTE | |
r-release-linux-x86_64 | 1.0 | 2.07 | 21.17 | 23.24 | NOTE | |
r-release-macos-arm64 | 1.0 | 14.00 | NOTE | |||
r-release-windows-x86_64 | 1.0 | 2.00 | 36.00 | 38.00 | NOTE | |
r-oldrel-macos-arm64 | 1.0 | 14.00 | NOTE | |||
r-oldrel-macos-x86_64 | 1.0 | 20.00 | NOTE | |||
r-oldrel-windows-x86_64 | 1.0 | 2.00 | 36.00 | 38.00 | NOTE |
Version: 1.0
Check: DESCRIPTION meta-information
Result: NOTE
Malformed Description field: should contain one or more complete sentences.
Flavors: r-devel-linux-x86_64-debian-clang, r-devel-linux-x86_64-fedora-clang, r-devel-linux-x86_64-fedora-gcc, r-devel-windows-x86_64, r-patched-linux-x86_64, r-release-linux-x86_64, r-release-macos-arm64, r-release-windows-x86_64, r-oldrel-macos-arm64, r-oldrel-macos-x86_64, r-oldrel-windows-x86_64
These binaries (installable software) and packages are in development.
They may not be fully stable and should be used with caution. We make no claims about them.