Last updated on 2025-10-23 07:49:45 CEST.
Flavor | Version | Tinstall | Tcheck | Ttotal | Status | Flags |
---|---|---|---|---|---|---|
r-devel-linux-x86_64-debian-clang | 0.10.0 | 15.51 | 177.35 | 192.86 | NOTE | |
r-devel-linux-x86_64-debian-gcc | 0.10.0 | 8.42 | 110.83 | 119.25 | OK | |
r-devel-linux-x86_64-fedora-clang | 0.10.0 | 33.00 | 265.52 | 298.52 | OK | |
r-devel-linux-x86_64-fedora-gcc | 0.10.0 | 72.00 | 234.35 | 306.35 | OK | |
r-devel-windows-x86_64 | 0.10.0 | 17.00 | 180.00 | 197.00 | OK | |
r-patched-linux-x86_64 | 0.10.0 | 16.93 | 164.77 | 181.70 | OK | |
r-release-linux-x86_64 | 0.10.0 | 15.93 | 165.02 | 180.95 | OK | |
r-release-macos-arm64 | 0.10.0 | 6.00 | 53.00 | 59.00 | OK | |
r-release-macos-x86_64 | 0.10.0 | 19.00 | 94.00 | 113.00 | OK | |
r-release-windows-x86_64 | 0.10.0 | 19.00 | 186.00 | 205.00 | OK | |
r-oldrel-macos-arm64 | 0.10.0 | 8.00 | 64.00 | 72.00 | OK | |
r-oldrel-macos-x86_64 | 0.10.0 | 17.00 | 113.00 | 130.00 | OK | |
r-oldrel-windows-x86_64 | 0.10.0 | 25.00 | 232.00 | 257.00 | OK |
Version: 0.10.0
Check: HTML version of manual
Result: NOTE
Found the following HTML validation problems:
FSA-defunct.html:72:1 (FSA-defunct.Rd:50): Warning: missing </ul> before </div>
Flavor: r-devel-linux-x86_64-debian-clang
These binaries (installable software) and packages are in development.
They may not be fully stable and should be used with caution. We make no claims about them.