Last updated on 2024-05-04 03:50:20 CEST.
Flavor | Version | Tinstall | Tcheck | Ttotal | Status | Flags |
---|---|---|---|---|---|---|
r-devel-linux-x86_64-debian-clang | 2.0.5 | 24.79 | 350.71 | 375.50 | OK | |
r-devel-linux-x86_64-fedora-clang | 2.0.5 | 481.57 | NOTE | |||
r-devel-linux-x86_64-fedora-gcc | 2.0.5 | 452.15 | NOTE | |||
r-devel-windows-x86_64 | 2.0.5 | 20.00 | 250.00 | 270.00 | OK | |
r-patched-linux-x86_64 | 2.0.5 | 19.83 | 335.55 | 355.38 | OK | |
r-release-linux-x86_64 | 2.0.5 | 14.90 | 319.84 | 334.74 | OK | |
r-release-macos-arm64 | 2.0.5 | 102.00 | OK | |||
r-release-windows-x86_64 | 2.0.5 | 19.00 | 246.00 | 265.00 | OK | |
r-oldrel-macos-arm64 | 2.0.5 | 120.00 | OK | |||
r-oldrel-macos-x86_64 | 2.0.5 | 212.00 | OK | |||
r-oldrel-windows-x86_64 | 2.0.5 | 25.00 | 325.00 | 350.00 | OK |
Version: 2.0.5
Check: dependencies in R code
Result: NOTE
Namespaces in Imports field not imported from:
‘class’ ‘mlbench’ ‘neuralnet’ ‘rpart’
All declared Imports should be used.
Flavors: r-devel-linux-x86_64-fedora-clang, r-devel-linux-x86_64-fedora-gcc
These binaries (installable software) and packages are in development.
They may not be fully stable and should be used with caution. We make no claims about them.