Last updated on 2024-05-04 03:50:20 CEST.
Flavor | Version | Tinstall | Tcheck | Ttotal | Status | Flags |
---|---|---|---|---|---|---|
r-devel-linux-x86_64-debian-clang | 1.3.0 | 4078.58 | 345.30 | 4423.88 | NOTE | |
r-devel-windows-x86_64 | 1.3.0 | 2597.00 | 508.00 | 3105.00 | NOTE | |
r-patched-linux-x86_64 | 1.3.0 | 3067.02 | 615.75 | 3682.77 | NOTE | |
r-release-linux-x86_64 | 1.3.0 | 0.02 | 2.71 | 2.73 | ERROR | |
r-release-macos-arm64 | 1.3.0 | 1293.00 | NOTE | |||
r-release-windows-x86_64 | 1.3.0 | 2534.00 | 482.00 | 3016.00 | NOTE | |
r-oldrel-macos-arm64 | 1.3.0 | 910.00 | NOTE | |||
r-oldrel-macos-x86_64 | 1.3.0 | 984.00 | NOTE | |||
r-oldrel-windows-x86_64 | 1.3.0 | 3798.00 | 630.00 | 4428.00 | NOTE |
Version: 1.3.0
Check: for GNU extensions in Makefiles
Result: NOTE
GNU make is a SystemRequirements.
Flavors: r-devel-linux-x86_64-debian-clang, r-devel-windows-x86_64, r-patched-linux-x86_64, r-release-macos-arm64, r-release-windows-x86_64, r-oldrel-macos-arm64, r-oldrel-macos-x86_64, r-oldrel-windows-x86_64
Version: 1.3.0
Check: installed package size
Result: NOTE
installed size is 23.4Mb
sub-directories of 1Mb or more:
libs 22.3Mb
Flavors: r-devel-windows-x86_64, r-release-macos-arm64, r-release-windows-x86_64, r-oldrel-macos-arm64, r-oldrel-macos-x86_64, r-oldrel-windows-x86_64
Version: 1.3.0
Check: whether package can be installed
Result: ERROR
Installation failed.
Flavor: r-release-linux-x86_64
These binaries (installable software) and packages are in development.
They may not be fully stable and should be used with caution. We make no claims about them.