Last updated on 2025-10-23 21:51:27 CEST.
Flavor | Version | Tinstall | Tcheck | Ttotal | Status | Flags |
---|---|---|---|---|---|---|
r-devel-linux-x86_64-debian-clang | 1.2-4 | 74.44 | 74.30 | 148.74 | OK | |
r-devel-linux-x86_64-debian-gcc | 1.2-4 | 54.76 | 58.36 | 113.12 | OK | |
r-devel-linux-x86_64-fedora-clang | 1.2-4 | 154.00 | 80.85 | 234.85 | OK | |
r-devel-linux-x86_64-fedora-gcc | 1.2-4 | 159.00 | 77.44 | 236.44 | OK | |
r-devel-windows-x86_64 | 1.2-4 | 78.00 | 80.00 | 158.00 | OK | |
r-patched-linux-x86_64 | 1.2-4 | 76.62 | 72.86 | 149.48 | OK | |
r-release-linux-x86_64 | 1.2-4 | 75.37 | 70.99 | 146.36 | OK | |
r-release-macos-arm64 | 1.2-4 | 54.00 | 38.00 | 92.00 | OK | |
r-release-macos-x86_64 | 1.2-4 | 93.00 | 63.00 | 156.00 | OK | |
r-release-windows-x86_64 | 1.2-4 | 78.00 | 83.00 | 161.00 | OK | |
r-oldrel-macos-arm64 | 1.2-4 | 59.00 | 44.00 | 103.00 | NOTE | |
r-oldrel-macos-x86_64 | 1.2-4 | 91.00 | 69.00 | 160.00 | NOTE | |
r-oldrel-windows-x86_64 | 1.2-4 | 107.00 | 102.00 | 209.00 | NOTE |
Version: 1.2-4
Check: installed package size
Result: NOTE
installed size is 6.7Mb
sub-directories of 1Mb or more:
R 6.6Mb
Flavors: r-oldrel-macos-arm64, r-oldrel-macos-x86_64, r-oldrel-windows-x86_64
These binaries (installable software) and packages are in development.
They may not be fully stable and should be used with caution. We make no claims about them.