Last updated on 2024-05-04 03:50:20 CEST.
Flavor | Version | Tinstall | Tcheck | Ttotal | Status | Flags |
---|---|---|---|---|---|---|
r-devel-linux-x86_64-debian-clang | 3.2.4 | 56.73 | 119.79 | 176.52 | OK | |
r-devel-linux-x86_64-fedora-clang | 3.2.4 | 223.84 | NOTE | |||
r-devel-linux-x86_64-fedora-gcc | 3.2.4 | 238.73 | OK | |||
r-devel-windows-x86_64 | 3.2.4 | 46.00 | 114.00 | 160.00 | NOTE | |
r-patched-linux-x86_64 | 3.2.4 | 53.02 | 113.61 | 166.63 | OK | |
r-release-linux-x86_64 | 3.2.4 | 58.13 | 113.09 | 171.22 | OK | |
r-release-macos-arm64 | 3.2.4 | 61.00 | NOTE | |||
r-release-macos-x86_64 | 3.2.4 | 189.00 | NOTE | |||
r-release-windows-x86_64 | 3.2.4 | 43.00 | 109.00 | 152.00 | NOTE | |
r-oldrel-macos-arm64 | 3.2.4 | 63.00 | NOTE | |||
r-oldrel-macos-x86_64 | 3.2.4 | 171.00 | NOTE | |||
r-oldrel-windows-x86_64 | 3.2.4 | 56.00 | 139.00 | 195.00 | NOTE |
Version: 3.2.4
Check: installed package size
Result: NOTE
installed size is 32.9Mb
sub-directories of 1Mb or more:
doc 31.8Mb
Flavors: r-devel-linux-x86_64-fedora-clang, r-devel-windows-x86_64, r-release-macos-arm64, r-release-macos-x86_64, r-release-windows-x86_64, r-oldrel-macos-arm64, r-oldrel-macos-x86_64, r-oldrel-windows-x86_64
These binaries (installable software) and packages are in development.
They may not be fully stable and should be used with caution. We make no claims about them.