Last updated on 2024-05-04 03:50:20 CEST.
Flavor | Version | Tinstall | Tcheck | Ttotal | Status | Flags |
---|---|---|---|---|---|---|
r-devel-linux-x86_64-debian-clang | 4.0.7 | 2.25 | 42.43 | 44.68 | NOTE | |
r-devel-linux-x86_64-fedora-clang | 4.0.7 | 55.74 | NOTE | |||
r-devel-linux-x86_64-fedora-gcc | 4.0.7 | 52.88 | NOTE | |||
r-devel-windows-x86_64 | 4.0.7 | 3.00 | 54.00 | 57.00 | NOTE | |
r-patched-linux-x86_64 | 4.0.7 | 2.66 | 40.94 | 43.60 | NOTE | |
r-release-linux-x86_64 | 4.0.7 | 2.13 | 39.25 | 41.38 | NOTE | |
r-release-macos-arm64 | 4.0.7 | 23.00 | NOTE | |||
r-release-windows-x86_64 | 4.0.7 | 3.00 | 54.00 | 57.00 | NOTE | |
r-oldrel-macos-arm64 | 4.0.7 | 21.00 | NOTE | |||
r-oldrel-macos-x86_64 | 4.0.7 | 33.00 | NOTE | |||
r-oldrel-windows-x86_64 | 4.0.7 | 3.00 | 64.00 | 67.00 | NOTE |
Version: 4.0.7
Check: package dependencies
Result: NOTE
Package suggested but not available for checking: ‘paleofire’
Flavors: r-devel-linux-x86_64-debian-clang, r-devel-linux-x86_64-fedora-clang, r-devel-linux-x86_64-fedora-gcc, r-devel-windows-x86_64, r-patched-linux-x86_64, r-release-linux-x86_64, r-release-macos-arm64, r-release-windows-x86_64, r-oldrel-macos-arm64, r-oldrel-macos-x86_64, r-oldrel-windows-x86_64
Version: 4.0.7
Check: dependencies in R code
Result: NOTE
Namespace in Imports field not imported from: ‘raster’
All declared Imports should be used.
Flavors: r-devel-linux-x86_64-fedora-clang, r-devel-linux-x86_64-fedora-gcc
Version: 4.0.7
Check: data for non-ASCII characters
Result: NOTE
Note: found 103 marked UTF-8 strings
Flavors: r-devel-linux-x86_64-fedora-clang, r-devel-linux-x86_64-fedora-gcc
These binaries (installable software) and packages are in development.
They may not be fully stable and should be used with caution. We make no claims about them.