Last updated on 2024-05-04 03:50:20 CEST.
Flavor | Version | Tinstall | Tcheck | Ttotal | Status | Flags |
---|---|---|---|---|---|---|
r-devel-linux-x86_64-debian-clang | 1.2.2 | 19.24 | 56.15 | 75.39 | OK | |
r-devel-linux-x86_64-fedora-clang | 1.2.2 | 99.19 | NOTE | |||
r-devel-linux-x86_64-fedora-gcc | 1.2.2 | 93.57 | NOTE | |||
r-devel-windows-x86_64 | 1.2.2 | 18.00 | 92.00 | 110.00 | OK | |
r-patched-linux-x86_64 | 1.2.2 | 18.75 | 52.24 | 70.99 | OK | |
r-release-linux-x86_64 | 1.2.2 | 19.66 | 53.42 | 73.08 | OK | |
r-release-macos-arm64 | 1.2.2 | 30.00 | OK | |||
r-release-windows-x86_64 | 1.2.2 | 19.00 | 89.00 | 108.00 | OK | |
r-oldrel-macos-arm64 | 1.2.2 | 35.00 | OK | |||
r-oldrel-macos-x86_64 | 1.2.2 | 54.00 | OK | |||
r-oldrel-windows-x86_64 | 1.2.2 | 18.00 | 102.00 | 120.00 | OK |
Version: 1.2.2
Check: compiled code
Result: NOTE
File ‘GCPM/libs/GCPM.so’:
Found no calls to: ‘R_registerRoutines’, ‘R_useDynamicSymbols’
It is good practice to register native routines and to disable symbol
search.
See ‘Writing portable packages’ in the ‘Writing R Extensions’ manual.
Flavors: r-devel-linux-x86_64-fedora-clang, r-devel-linux-x86_64-fedora-gcc
These binaries (installable software) and packages are in development.
They may not be fully stable and should be used with caution. We make no claims about them.