Last updated on 2025-10-23 21:51:27 CEST.
Flavor | Version | Tinstall | Tcheck | Ttotal | Status | Flags |
---|---|---|---|---|---|---|
r-devel-linux-x86_64-debian-clang | 1.0.1 | 3.49 | 239.28 | 242.77 | OK | |
r-devel-linux-x86_64-debian-gcc | 1.0.1 | 2.77 | 193.02 | 195.79 | OK | |
r-devel-linux-x86_64-fedora-clang | 1.0.1 | 380.11 | OK | |||
r-devel-linux-x86_64-fedora-gcc | 1.0.1 | 440.23 | OK | |||
r-devel-windows-x86_64 | 1.0.1 | 10.00 | 296.00 | 306.00 | OK | |
r-patched-linux-x86_64 | 1.0.1 | 4.09 | 254.26 | 258.35 | OK | |
r-release-linux-x86_64 | 1.0.1 | 4.15 | 251.62 | 255.77 | OK | |
r-release-macos-arm64 | 1.0.1 | 2.00 | 145.00 | 147.00 | OK | |
r-release-macos-x86_64 | 1.0.1 | 4.00 | 325.00 | 329.00 | OK | |
r-release-windows-x86_64 | 1.0.1 | 10.00 | 301.00 | 311.00 | OK | |
r-oldrel-macos-arm64 | 1.0.1 | 2.00 | 136.00 | 138.00 | NOTE | |
r-oldrel-macos-x86_64 | 1.0.1 | 3.00 | 328.00 | 331.00 | NOTE | |
r-oldrel-windows-x86_64 | 1.0.1 | 12.00 | 387.00 | 399.00 | NOTE |
Version: 1.0.1
Check: installed package size
Result: NOTE
installed size is 9.4Mb
sub-directories of 1Mb or more:
doc 1.1Mb
extdata 8.2Mb
Flavors: r-oldrel-macos-arm64, r-oldrel-macos-x86_64, r-oldrel-windows-x86_64
These binaries (installable software) and packages are in development.
They may not be fully stable and should be used with caution. We make no claims about them.