Last updated on 2024-05-04 03:50:20 CEST.
Flavor | Version | Tinstall | Tcheck | Ttotal | Status | Flags |
---|---|---|---|---|---|---|
r-devel-linux-x86_64-debian-clang | 1.0.4 | 11.66 | 83.33 | 94.99 | NOTE | |
r-devel-linux-x86_64-fedora-clang | 1.0.4 | 118.26 | NOTE | |||
r-devel-linux-x86_64-fedora-gcc | 1.0.4 | 113.73 | NOTE | |||
r-devel-windows-x86_64 | 1.0.4 | 11.00 | 78.00 | 89.00 | NOTE | |
r-patched-linux-x86_64 | 1.0.4 | 11.82 | 77.70 | 89.52 | NOTE | |
r-release-linux-x86_64 | 1.0.4 | 12.02 | 80.80 | 92.82 | NOTE | |
r-release-macos-arm64 | 1.0.4 | 33.00 | NOTE | |||
r-release-windows-x86_64 | 1.0.4 | 11.00 | 76.00 | 87.00 | NOTE | |
r-oldrel-macos-arm64 | 1.0.4 | 37.00 | NOTE | |||
r-oldrel-macos-x86_64 | 1.0.4 | 59.00 | NOTE | |||
r-oldrel-windows-x86_64 | 1.0.4 | 15.00 | 87.00 | 102.00 | NOTE |
Version: 1.0.4
Check: LazyData
Result: NOTE
'LazyData' is specified without a 'data' directory
Flavors: r-devel-linux-x86_64-debian-clang, r-devel-linux-x86_64-fedora-clang, r-devel-linux-x86_64-fedora-gcc, r-devel-windows-x86_64, r-patched-linux-x86_64, r-release-linux-x86_64, r-release-macos-arm64, r-release-windows-x86_64, r-oldrel-macos-arm64, r-oldrel-macos-x86_64, r-oldrel-windows-x86_64
These binaries (installable software) and packages are in development.
They may not be fully stable and should be used with caution. We make no claims about them.