Last updated on 2024-05-04 03:50:20 CEST.
Flavor | Version | Tinstall | Tcheck | Ttotal | Status | Flags |
---|---|---|---|---|---|---|
r-devel-linux-x86_64-debian-clang | 0.1 | 65.81 | 26.64 | 92.45 | OK | |
r-devel-linux-x86_64-fedora-clang | 0.1 | 123.37 | OK | |||
r-devel-linux-x86_64-fedora-gcc | 0.1 | 121.04 | OK | |||
r-devel-windows-x86_64 | 0.1 | 46.00 | 61.00 | 107.00 | OK | |
r-patched-linux-x86_64 | 0.1 | 55.30 | 27.06 | 82.36 | OK | |
r-release-linux-x86_64 | 0.1 | 55.73 | 26.52 | 82.25 | OK | |
r-release-macos-arm64 | 0.1 | 29.00 | NOTE | |||
r-release-windows-x86_64 | 0.1 | 44.00 | 62.00 | 106.00 | OK | |
r-oldrel-macos-arm64 | 0.1 | 35.00 | NOTE | |||
r-oldrel-macos-x86_64 | 0.1 | 52.00 | NOTE | |||
r-oldrel-windows-x86_64 | 0.1 | 56.00 | 68.00 | 124.00 | OK |
Version: 0.1
Check: installed package size
Result: NOTE
installed size is 7.4Mb
sub-directories of 1Mb or more:
libs 7.3Mb
Flavors: r-release-macos-arm64, r-oldrel-macos-arm64, r-oldrel-macos-x86_64
These binaries (installable software) and packages are in development.
They may not be fully stable and should be used with caution. We make no claims about them.