Last updated on 2024-05-04 03:50:20 CEST.
Flavor | Version | Tinstall | Tcheck | Ttotal | Status | Flags |
---|---|---|---|---|---|---|
r-devel-linux-x86_64-debian-clang | 2.1.1 | 43.66 | 119.06 | 162.72 | NOTE | |
r-devel-linux-x86_64-fedora-clang | 2.1.1 | 226.08 | NOTE | |||
r-devel-linux-x86_64-fedora-gcc | 2.1.1 | 248.89 | NOTE | |||
r-devel-windows-x86_64 | 2.1.1 | 35.00 | 135.00 | 170.00 | NOTE | |
r-patched-linux-x86_64 | 2.1.1 | 40.56 | 115.05 | 155.61 | NOTE | |
r-release-linux-x86_64 | 2.1.1 | 34.03 | 118.56 | 152.59 | NOTE | |
r-release-macos-arm64 | 2.1.1 | 82.00 | NOTE | |||
r-release-windows-x86_64 | 2.1.1 | 35.00 | 130.00 | 165.00 | NOTE | |
r-oldrel-macos-arm64 | 2.1.1 | 87.00 | NOTE | |||
r-oldrel-macos-x86_64 | 2.1.1 | 121.00 | NOTE | |||
r-oldrel-windows-x86_64 | 2.1.1 | 43.00 | 153.00 | 196.00 | NOTE |
Version: 2.1.1
Check: C++ specification
Result: NOTE
Specified C++11: please drop specification unless essential
Flavors: r-devel-linux-x86_64-debian-clang, r-devel-linux-x86_64-fedora-clang, r-devel-linux-x86_64-fedora-gcc, r-devel-windows-x86_64, r-patched-linux-x86_64, r-release-linux-x86_64, r-release-macos-arm64, r-release-windows-x86_64, r-oldrel-macos-arm64, r-oldrel-macos-x86_64, r-oldrel-windows-x86_64
Version: 2.1.1
Check: Rd files
Result: NOTE
checkRd: (-1) boot_eip.Rd:50: Escaped LaTeX specials: \&
checkRd: (-1) constrained.Rd:93: Escaped LaTeX specials: \&
Flavors: r-devel-linux-x86_64-debian-clang, r-devel-linux-x86_64-fedora-clang, r-devel-linux-x86_64-fedora-gcc, r-devel-windows-x86_64, r-patched-linux-x86_64, r-release-linux-x86_64, r-release-macos-arm64, r-release-windows-x86_64, r-oldrel-macos-arm64, r-oldrel-macos-x86_64, r-oldrel-windows-x86_64
Version: 2.1.1
Check: dependencies in R code
Result: NOTE
Namespaces in Imports field not imported from:
‘Rdpack’ ‘mathjaxr’
All declared Imports should be used.
Flavors: r-devel-linux-x86_64-fedora-clang, r-devel-linux-x86_64-fedora-gcc
Version: 2.1.1
Check: package dependencies
Result: NOTE
Packages suggested but not available for checking:
'car', 'NetworkToolbox', 'NetworkComparisonTest'
Flavor: r-oldrel-macos-x86_64
These binaries (installable software) and packages are in development.
They may not be fully stable and should be used with caution. We make no claims about them.