Last updated on 2024-05-04 03:50:21 CEST.
Flavor | Version | Tinstall | Tcheck | Ttotal | Status | Flags |
---|---|---|---|---|---|---|
r-devel-linux-x86_64-debian-clang | 0.5 | 16.70 | 144.09 | 160.79 | NOTE | |
r-devel-linux-x86_64-fedora-clang | 0.5 | 204.94 | NOTE | |||
r-devel-linux-x86_64-fedora-gcc | 0.5 | 196.43 | NOTE | |||
r-devel-windows-x86_64 | 0.5 | 14.00 | 106.00 | 120.00 | NOTE | |
r-patched-linux-x86_64 | 0.5 | 14.36 | 138.62 | 152.98 | NOTE | |
r-release-linux-x86_64 | 0.5 | 15.40 | 141.86 | 157.26 | NOTE | |
r-release-macos-arm64 | 0.5 | 57.00 | NOTE | |||
r-release-windows-x86_64 | 0.5 | 13.00 | 107.00 | 120.00 | NOTE | |
r-oldrel-macos-arm64 | 0.5 | 67.00 | OK | |||
r-oldrel-macos-x86_64 | 0.5 | 98.00 | OK | |||
r-oldrel-windows-x86_64 | 0.5 | 16.00 | 126.00 | 142.00 | OK |
Version: 0.5
Check: Rd files
Result: NOTE
checkRd: (-1) MODFIT.Rd:33: Lost braces; missing escapes or markup?
33 | {chisq_i = sum( (O_iz - E_iz)^2 / E_iz; z = 0, ..., C ), }
| ^
checkRd: (-1) probs.GGUM.Rd:27: Lost braces; missing escapes or markup?
27 | GUM-based probabilities just constrain alpha to a unit vector of length {I}
| ^
Flavors: r-devel-linux-x86_64-debian-clang, r-devel-linux-x86_64-fedora-clang, r-devel-linux-x86_64-fedora-gcc, r-devel-windows-x86_64, r-patched-linux-x86_64, r-release-linux-x86_64, r-release-macos-arm64, r-release-windows-x86_64
These binaries (installable software) and packages are in development.
They may not be fully stable and should be used with caution. We make no claims about them.