Last updated on 2024-05-04 03:50:21 CEST.
Flavor | Version | Tinstall | Tcheck | Ttotal | Status | Flags |
---|---|---|---|---|---|---|
r-devel-linux-x86_64-debian-clang | 3.0.0 | 24.53 | 168.08 | 192.61 | OK | |
r-devel-linux-x86_64-fedora-clang | 3.0.0 | 235.53 | NOTE | |||
r-devel-linux-x86_64-fedora-gcc | 3.0.0 | 230.76 | NOTE | |||
r-devel-windows-x86_64 | 3.0.0 | 19.00 | 131.00 | 150.00 | OK | |
r-patched-linux-x86_64 | 3.0.0 | 27.11 | 155.46 | 182.57 | OK | |
r-release-linux-x86_64 | 3.0.0 | 17.64 | 157.39 | 175.03 | OK | |
r-release-macos-arm64 | 3.0.0 | 61.00 | OK | |||
r-release-windows-x86_64 | 3.0.0 | 18.00 | 130.00 | 148.00 | OK | |
r-oldrel-macos-arm64 | 3.0.0 | 68.00 | OK | |||
r-oldrel-macos-x86_64 | 3.0.0 | 113.00 | OK | |||
r-oldrel-windows-x86_64 | 3.0.0 | 25.00 | 164.00 | 189.00 | OK |
Version: 3.0.0
Check: dependencies in R code
Result: NOTE
Namespace in Imports field not imported from: ‘class’
All declared Imports should be used.
Flavors: r-devel-linux-x86_64-fedora-clang, r-devel-linux-x86_64-fedora-gcc
These binaries (installable software) and packages are in development.
They may not be fully stable and should be used with caution. We make no claims about them.