Last updated on 2024-05-04 03:50:21 CEST.
Flavor | Version | Tinstall | Tcheck | Ttotal | Status | Flags |
---|---|---|---|---|---|---|
r-devel-linux-x86_64-debian-clang | 0.2.6 | 191.45 | 131.29 | 322.74 | OK | |
r-devel-linux-x86_64-fedora-clang | 0.2.6 | 412.06 | NOTE | |||
r-devel-linux-x86_64-fedora-gcc | 0.2.6 | 480.67 | NOTE | |||
r-devel-windows-x86_64 | 0.2.6 | 141.00 | 176.00 | 317.00 | OK | |
r-patched-linux-x86_64 | 0.2.6 | 197.27 | 138.79 | 336.06 | OK | |
r-release-linux-x86_64 | 0.2.6 | 201.75 | 139.96 | 341.71 | OK | |
r-release-macos-arm64 | 0.2.6 | 97.00 | NOTE | |||
r-release-windows-x86_64 | 0.2.6 | 134.00 | 175.00 | 309.00 | OK | |
r-oldrel-macos-arm64 | 0.2.6 | 97.00 | NOTE | |||
r-oldrel-macos-x86_64 | 0.2.6 | 134.00 | NOTE | |||
r-oldrel-windows-x86_64 | 0.2.6 | 168.00 | 191.00 | 359.00 | OK |
Version: 0.2.6
Check: dependencies in R code
Result: NOTE
Namespace in Imports field not imported from: ‘ordinal’
All declared Imports should be used.
Flavors: r-devel-linux-x86_64-fedora-clang, r-devel-linux-x86_64-fedora-gcc
Version: 0.2.6
Check: installed package size
Result: NOTE
installed size is 24.4Mb
sub-directories of 1Mb or more:
libs 23.9Mb
Flavors: r-release-macos-arm64, r-oldrel-macos-arm64, r-oldrel-macos-x86_64
These binaries (installable software) and packages are in development.
They may not be fully stable and should be used with caution. We make no claims about them.