Last updated on 2025-10-23 23:49:31 CEST.
| Flavor | Version | Tinstall | Tcheck | Ttotal | Status | Flags |
|---|---|---|---|---|---|---|
| r-devel-linux-x86_64-debian-clang | 1.8 | 13.97 | 103.18 | 117.15 | NOTE | |
| r-devel-linux-x86_64-debian-gcc | 1.8 | 9.11 | 70.62 | 79.73 | NOTE | |
| r-devel-linux-x86_64-fedora-clang | 1.8 | 29.00 | 148.22 | 177.22 | OK | |
| r-devel-linux-x86_64-fedora-gcc | 1.8 | 26.00 | 141.82 | 167.82 | OK | |
| r-devel-windows-x86_64 | 1.8 | 14.00 | 105.00 | 119.00 | OK | |
| r-patched-linux-x86_64 | 1.8 | 13.19 | 97.05 | 110.24 | OK | |
| r-release-linux-x86_64 | 1.8 | 12.89 | 97.89 | 110.78 | OK | |
| r-release-macos-arm64 | 1.8 | 5.00 | 42.00 | 47.00 | OK | |
| r-release-macos-x86_64 | 1.8 | 10.00 | 72.00 | 82.00 | OK | |
| r-release-windows-x86_64 | 1.8 | 13.00 | 105.00 | 118.00 | OK | |
| r-oldrel-macos-arm64 | 1.8 | 5.00 | 39.00 | 44.00 | OK | |
| r-oldrel-macos-x86_64 | 1.8 | 14.00 | 89.00 | 103.00 | OK | |
| r-oldrel-windows-x86_64 | 1.8 | 19.00 | 136.00 | 155.00 | OK |
Version: 1.8
Check: CRAN incoming feasibility
Result: NOTE
Maintainer: ‘Osman Dag <osman.dag@outlook.com>’
No Authors@R field in DESCRIPTION.
Please add one, modifying
Authors@R: c(person(given = "Osman",
family = "Dag",
role = c("aut", "cre"),
email = "osman.dag@outlook.com"),
person(given = "Erdem",
family = "Karabulut",
role = "aut"),
person(given = "Reha",
family = "Alpar",
role = "aut"),
person(given = "Merve",
family = "Kasikci",
role = "ctb"))
as necessary.
Flavors: r-devel-linux-x86_64-debian-clang, r-devel-linux-x86_64-debian-gcc
These binaries (installable software) and packages are in development.
They may not be fully stable and should be used with caution. We make no claims about them.