Last updated on 2024-05-04 03:50:21 CEST.
Flavor | Version | Tinstall | Tcheck | Ttotal | Status | Flags |
---|---|---|---|---|---|---|
r-devel-linux-x86_64-debian-clang | 1.0.2.1 | 17.36 | 121.66 | 139.02 | OK | |
r-devel-linux-x86_64-fedora-clang | 1.0.2.1 | 170.11 | NOTE | |||
r-devel-linux-x86_64-fedora-gcc | 1.0.2.1 | 160.62 | NOTE | |||
r-devel-windows-x86_64 | 1.0.2.1 | 16.00 | 112.00 | 128.00 | OK | |
r-patched-linux-x86_64 | 1.0.2.1 | 16.31 | 114.26 | 130.57 | OK | |
r-release-linux-x86_64 | 1.0.2.1 | 11.94 | 114.83 | 126.77 | OK | |
r-release-macos-arm64 | 1.0.2.1 | 54.00 | OK | |||
r-release-windows-x86_64 | 1.0.2.1 | 15.00 | 117.00 | 132.00 | OK | |
r-oldrel-macos-arm64 | 1.0.2.1 | 60.00 | OK | |||
r-oldrel-macos-x86_64 | 1.0.2.1 | 98.00 | OK | |||
r-oldrel-windows-x86_64 | 1.0.2.1 | 19.00 | 139.00 | 158.00 | OK |
Version: 1.0.2.1
Check: dependencies in R code
Result: NOTE
Namespaces in Imports field not imported from:
‘base’ ‘methods’
All declared Imports should be used.
Flavors: r-devel-linux-x86_64-fedora-clang, r-devel-linux-x86_64-fedora-gcc
These binaries (installable software) and packages are in development.
They may not be fully stable and should be used with caution. We make no claims about them.