Last updated on 2024-05-04 03:50:21 CEST.
Flavor | Version | Tinstall | Tcheck | Ttotal | Status | Flags |
---|---|---|---|---|---|---|
r-devel-linux-x86_64-debian-clang | 3.0.1 | 52.14 | 38.33 | 90.47 | NOTE | |
r-devel-linux-x86_64-fedora-clang | 3.0.1 | 125.69 | NOTE | |||
r-devel-linux-x86_64-fedora-gcc | 3.0.1 | 127.63 | NOTE | |||
r-devel-windows-x86_64 | 3.0.1 | 43.00 | 70.00 | 113.00 | NOTE | |
r-patched-linux-x86_64 | 3.0.1 | 54.15 | 36.71 | 90.86 | NOTE | |
r-release-linux-x86_64 | 3.0.1 | 54.95 | 36.57 | 91.52 | NOTE | |
r-release-macos-arm64 | 3.0.1 | 30.00 | NOTE | |||
r-release-windows-x86_64 | 3.0.1 | 43.00 | 68.00 | 111.00 | NOTE | |
r-oldrel-macos-arm64 | 3.0.1 | 38.00 | NOTE | |||
r-oldrel-macos-x86_64 | 3.0.1 | 60.00 | NOTE | |||
r-oldrel-windows-x86_64 | 3.0.1 | 53.00 | 78.00 | 131.00 | NOTE |
Version: 3.0.1
Check: C++ specification
Result: NOTE
Specified C++11: please drop specification unless essential
Flavors: r-devel-linux-x86_64-debian-clang, r-devel-linux-x86_64-fedora-clang, r-devel-linux-x86_64-fedora-gcc, r-devel-windows-x86_64, r-patched-linux-x86_64, r-release-linux-x86_64, r-release-macos-arm64, r-release-windows-x86_64, r-oldrel-macos-arm64, r-oldrel-macos-x86_64, r-oldrel-windows-x86_64
Version: 3.0.1
Check: Rd files
Result: NOTE
checkRd: (-1) Auxil.Rd:27: Lost braces in \itemize; \value handles \item{}{} directly
checkRd: (-1) Auxil.Rd:28: Lost braces in \itemize; \value handles \item{}{} directly
checkRd: (-1) Auxil.Rd:29: Lost braces in \itemize; \value handles \item{}{} directly
checkRd: (-1) Auxil.Rd:30: Lost braces in \itemize; \value handles \item{}{} directly
checkRd: (-1) Fit.Rd:39: Lost braces in \itemize; \value handles \item{}{} directly
checkRd: (-1) Fit.Rd:40: Lost braces in \itemize; \value handles \item{}{} directly
checkRd: (-1) Fit.Rd:41: Lost braces in \itemize; \value handles \item{}{} directly
checkRd: (-1) Fit.Rd:42: Lost braces in \itemize; \value handles \item{}{} directly
checkRd: (-1) Fit.Rd:43: Lost braces in \itemize; \value handles \item{}{} directly
checkRd: (-1) Predict.Rd:21: Lost braces in \itemize; \value handles \item{}{} directly
checkRd: (-1) Predict.Rd:22: Lost braces in \itemize; \value handles \item{}{} directly
checkRd: (-1) Predict.Rd:23: Lost braces in \itemize; \value handles \item{}{} directly
Flavors: r-devel-linux-x86_64-debian-clang, r-devel-linux-x86_64-fedora-clang, r-devel-linux-x86_64-fedora-gcc, r-devel-windows-x86_64, r-patched-linux-x86_64, r-release-linux-x86_64, r-release-macos-arm64, r-release-windows-x86_64
These binaries (installable software) and packages are in development.
They may not be fully stable and should be used with caution. We make no claims about them.