Last updated on 2024-05-04 03:50:21 CEST.
Flavor | Version | Tinstall | Tcheck | Ttotal | Status | Flags |
---|---|---|---|---|---|---|
r-devel-linux-x86_64-debian-clang | 1.0.2 | 18.53 | 121.52 | 140.05 | OK | |
r-devel-linux-x86_64-fedora-clang | 1.0.2 | 168.78 | NOTE | |||
r-devel-linux-x86_64-fedora-gcc | 1.0.2 | 197.41 | OK | |||
r-devel-windows-x86_64 | 1.0.2 | 18.00 | 117.00 | 135.00 | OK | |
r-patched-linux-x86_64 | 1.0.2 | 17.93 | 111.06 | 128.99 | OK | |
r-release-linux-x86_64 | 1.0.2 | 19.86 | 113.32 | 133.18 | OK | |
r-release-macos-arm64 | 1.0.2 | 54.00 | OK | |||
r-release-macos-x86_64 | 1.0.2 | 156.00 | OK | |||
r-release-windows-x86_64 | 1.0.2 | 21.00 | 111.00 | 132.00 | OK | |
r-oldrel-macos-arm64 | 1.0.2 | 60.00 | OK | |||
r-oldrel-macos-x86_64 | 1.0.2 | 157.00 | OK | |||
r-oldrel-windows-x86_64 | 1.0.2 | 21.00 | 136.00 | 157.00 | OK |
Version: 1.0.2
Check: Rd cross-references
Result: NOTE
Undeclared package ‘speedglm’ in Rd xrefs
Flavor: r-devel-linux-x86_64-fedora-clang
These binaries (installable software) and packages are in development.
They may not be fully stable and should be used with caution. We make no claims about them.