Last updated on 2024-05-04 03:50:21 CEST.
Flavor | Version | Tinstall | Tcheck | Ttotal | Status | Flags |
---|---|---|---|---|---|---|
r-devel-linux-x86_64-debian-clang | 4.2-1 | 93.25 | 81.97 | 175.22 | OK | |
r-devel-linux-x86_64-fedora-clang | 4.2-1 | 250.06 | OK | |||
r-devel-linux-x86_64-fedora-gcc | 4.2-1 | 253.07 | OK | |||
r-devel-windows-x86_64 | 4.2-1 | 83.00 | 107.00 | 190.00 | OK | |
r-patched-linux-x86_64 | 4.2-1 | 98.12 | 80.50 | 178.62 | OK | |
r-release-linux-x86_64 | 4.2-1 | 98.18 | 77.34 | 175.52 | OK | |
r-release-macos-arm64 | 4.2-1 | 57.00 | OK | |||
r-release-windows-x86_64 | 4.2-1 | 75.00 | 101.00 | 176.00 | OK | |
r-oldrel-macos-arm64 | 4.2-1 | 68.00 | NOTE | |||
r-oldrel-macos-x86_64 | 4.2-1 | 112.00 | NOTE | |||
r-oldrel-windows-x86_64 | 4.2-1 | 100.00 | 121.00 | 221.00 | OK |
Version: 4.2-1
Check: installed package size
Result: NOTE
installed size is 5.2Mb
sub-directories of 1Mb or more:
libs 4.6Mb
Flavors: r-oldrel-macos-arm64, r-oldrel-macos-x86_64
These binaries (installable software) and packages are in development.
They may not be fully stable and should be used with caution. We make no claims about them.