CRAN Package Check Results for Package GTDL

Last updated on 2025-10-23 21:51:29 CEST.

Flavor Version Tinstall Tcheck Ttotal Status Flags
r-devel-linux-x86_64-debian-clang 1.0.0 6.22 68.19 74.41 NOTE
r-devel-linux-x86_64-debian-gcc 1.0.0 4.71 48.27 52.98 NOTE
r-devel-linux-x86_64-fedora-clang 1.0.0 16.00 102.13 118.13 NOTE
r-devel-linux-x86_64-fedora-gcc 1.0.0 14.00 97.15 111.15 NOTE
r-devel-windows-x86_64 1.0.0 7.00 73.00 80.00 NOTE
r-patched-linux-x86_64 1.0.0 5.94 64.83 70.77 NOTE
r-release-linux-x86_64 1.0.0 4.92 64.53 69.45 NOTE
r-release-macos-arm64 1.0.0 3.00 36.00 39.00 NOTE
r-release-macos-x86_64 1.0.0 5.00 56.00 61.00 NOTE
r-release-windows-x86_64 1.0.0 7.00 75.00 82.00 NOTE
r-oldrel-macos-arm64 1.0.0 3.00 29.00 32.00 NOTE
r-oldrel-macos-x86_64 1.0.0 4.00 44.00 48.00 NOTE
r-oldrel-windows-x86_64 1.0.0 9.00 93.00 102.00 NOTE

Check Details

Version: 1.0.0
Check: Rd files
Result: NOTE checkRd: (-1) artset1987.Rd:10: Lost braces in \itemize; meant \describe ? checkRd: (-1) tumor.Rd:10: Lost braces in \itemize; meant \describe ? checkRd: (-1) tumor.Rd:11: Lost braces in \itemize; meant \describe ? checkRd: (-1) tumor.Rd:12: Lost braces in \itemize; meant \describe ? Flavors: r-devel-linux-x86_64-debian-clang, r-devel-linux-x86_64-debian-gcc, r-devel-linux-x86_64-fedora-clang, r-devel-linux-x86_64-fedora-gcc, r-devel-windows-x86_64, r-patched-linux-x86_64, r-release-linux-x86_64, r-release-macos-arm64, r-release-macos-x86_64, r-release-windows-x86_64, r-oldrel-macos-arm64, r-oldrel-macos-x86_64, r-oldrel-windows-x86_64

These binaries (installable software) and packages are in development.
They may not be fully stable and should be used with caution. We make no claims about them.