Last updated on 2024-07-03 21:51:37 CEST.
Flavor | Version | Tinstall | Tcheck | Ttotal | Status | Flags |
---|---|---|---|---|---|---|
r-devel-linux-x86_64-debian-clang | 1.0.2 | 438.70 | 206.75 | 645.45 | NOTE | |
r-devel-linux-x86_64-debian-gcc | 1.0.2 | 376.63 | 181.53 | 558.16 | NOTE | |
r-devel-linux-x86_64-fedora-clang | 1.0.2 | 852.94 | NOTE | |||
r-devel-linux-x86_64-fedora-gcc | 1.0.2 | 1088.24 | NOTE | |||
r-devel-windows-x86_64 | 0.0.5 | 350.00 | 157.00 | 507.00 | NOTE | |
r-patched-linux-x86_64 | 0.0.5 | 324.98 | 174.92 | 499.90 | NOTE | |
r-release-linux-x86_64 | 1.0.0 | 324.67 | 242.04 | 566.71 | NOTE | |
r-release-macos-arm64 | 1.0.2 | 214.00 | NOTE | |||
r-release-macos-x86_64 | 1.0.2 | 304.00 | NOTE | |||
r-release-windows-x86_64 | 1.0.2 | 260.00 | 216.00 | 476.00 | NOTE | |
r-oldrel-macos-arm64 | 1.0.2 | 329.00 | NOTE | |||
r-oldrel-macos-x86_64 | 1.0.2 | 336.00 | NOTE | |||
r-oldrel-windows-x86_64 | 1.0.2 | 257.00 | 250.00 | 507.00 | NOTE |
Version: 1.0.2
Check: for GNU extensions in Makefiles
Result: NOTE
GNU make is a SystemRequirements.
Flavors: r-devel-linux-x86_64-debian-clang, r-devel-linux-x86_64-debian-gcc, r-devel-linux-x86_64-fedora-clang, r-devel-linux-x86_64-fedora-gcc, r-release-macos-arm64, r-release-macos-x86_64, r-release-windows-x86_64, r-oldrel-macos-arm64, r-oldrel-macos-x86_64, r-oldrel-windows-x86_64
Version: 0.0.5
Check: for GNU extensions in Makefiles
Result: NOTE
GNU make is a SystemRequirements.
Flavors: r-devel-windows-x86_64, r-patched-linux-x86_64
Version: 1.0.0
Check: for GNU extensions in Makefiles
Result: NOTE
GNU make is a SystemRequirements.
Flavor: r-release-linux-x86_64
Version: 1.0.2
Check: installed package size
Result: NOTE
installed size is 67.9Mb
sub-directories of 1Mb or more:
libs 67.0Mb
Flavors: r-release-macos-arm64, r-release-macos-x86_64, r-oldrel-macos-arm64, r-oldrel-macos-x86_64
These binaries (installable software) and packages are in development.
They may not be fully stable and should be used with caution. We make no claims about them.