Last updated on 2024-05-04 03:50:21 CEST.
Flavor | Version | Tinstall | Tcheck | Ttotal | Status | Flags |
---|---|---|---|---|---|---|
r-devel-linux-x86_64-debian-clang | 0.0.5 | 0.58 | 2.22 | 2.80 | ERROR | |
r-devel-linux-x86_64-fedora-clang | 0.0.5 | 389.43 | OK | |||
r-devel-linux-x86_64-fedora-gcc | 0.0.5 | 339.00 | OK | |||
r-devel-windows-x86_64 | 0.0.5 | 27.00 | 181.00 | 208.00 | OK | |
r-patched-linux-x86_64 | 0.0.5 | 19.18 | 242.82 | 262.00 | OK | |
r-release-linux-x86_64 | 0.0.5 | 19.05 | 243.85 | 262.90 | OK | |
r-release-macos-arm64 | 0.0.5 | 96.00 | OK | |||
r-release-macos-x86_64 | 0.0.5 | 181.00 | OK | |||
r-release-windows-x86_64 | 0.0.5 | 26.00 | 176.00 | 202.00 | OK | |
r-oldrel-macos-arm64 | 0.0.5 | 5.00 | ERROR | |||
r-oldrel-macos-x86_64 | 0.0.5 | 164.00 | OK | |||
r-oldrel-windows-x86_64 | 0.0.5 | 35.00 | 232.00 | 267.00 | OK |
Version: 0.0.5
Check: package dependencies
Result: ERROR
Package required but not available: ‘DOSE’
See section ‘The DESCRIPTION file’ in the ‘Writing R Extensions’
manual.
Flavors: r-devel-linux-x86_64-debian-clang, r-oldrel-macos-arm64
These binaries (installable software) and packages are in development.
They may not be fully stable and should be used with caution. We make no claims about them.