Last updated on 2024-05-04 03:50:21 CEST.
Flavor | Version | Tinstall | Tcheck | Ttotal | Status | Flags |
---|---|---|---|---|---|---|
r-devel-linux-x86_64-debian-clang | 2.0.2 | 80.79 | 94.79 | 175.58 | NOTE | |
r-devel-linux-x86_64-fedora-clang | 2.0.2 | 235.30 | NOTE | |||
r-devel-linux-x86_64-fedora-gcc | 2.0.2 | 243.47 | NOTE | |||
r-devel-windows-x86_64 | 2.0.2 | 61.00 | 113.00 | 174.00 | NOTE | |
r-patched-linux-x86_64 | 2.0.2 | 81.18 | 90.59 | 171.77 | NOTE | |
r-release-linux-x86_64 | 2.0.2 | 76.17 | 91.08 | 167.25 | NOTE | |
r-release-macos-arm64 | 2.0.2 | 67.00 | NOTE | |||
r-release-windows-x86_64 | 2.0.2 | 60.00 | 107.00 | 167.00 | NOTE | |
r-oldrel-macos-arm64 | 2.0.2 | 70.00 | NOTE | |||
r-oldrel-macos-x86_64 | 2.0.2 | 115.00 | NOTE | |||
r-oldrel-windows-x86_64 | 2.0.2 | 72.00 | 127.00 | 199.00 | NOTE |
Version: 2.0.2
Check: C++ specification
Result: NOTE
Specified C++11: please drop specification unless essential
Flavors: r-devel-linux-x86_64-debian-clang, r-devel-linux-x86_64-fedora-clang, r-devel-linux-x86_64-fedora-gcc, r-devel-windows-x86_64, r-patched-linux-x86_64, r-release-linux-x86_64, r-release-macos-arm64, r-release-windows-x86_64, r-oldrel-macos-arm64, r-oldrel-macos-x86_64, r-oldrel-windows-x86_64
These binaries (installable software) and packages are in development.
They may not be fully stable and should be used with caution. We make no claims about them.