Last updated on 2024-05-04 03:50:21 CEST.
Flavor | Version | Tinstall | Tcheck | Ttotal | Status | Flags |
---|---|---|---|---|---|---|
r-devel-linux-x86_64-debian-clang | 1.1.4 | 10.90 | 78.67 | 89.57 | NOTE | |
r-devel-linux-x86_64-fedora-clang | 1.1.4 | 110.35 | NOTE | |||
r-devel-linux-x86_64-fedora-gcc | 1.1.4 | 115.20 | NOTE | |||
r-devel-windows-x86_64 | 1.1.4 | 9.00 | 104.00 | 113.00 | NOTE | |
r-patched-linux-x86_64 | 1.1.4 | 10.03 | 76.23 | 86.26 | NOTE | |
r-release-linux-x86_64 | 1.1.4 | 5.65 | 74.60 | 80.25 | NOTE | |
r-release-macos-arm64 | 1.1.4 | 50.00 | NOTE | |||
r-release-windows-x86_64 | 1.1.4 | 9.00 | 101.00 | 110.00 | NOTE | |
r-oldrel-macos-arm64 | 1.1.4 | 44.00 | OK | |||
r-oldrel-macos-x86_64 | 1.1.4 | 68.00 | OK | |||
r-oldrel-windows-x86_64 | 1.1.4 | 11.00 | 103.00 | 114.00 | OK |
Version: 1.1.4
Check: Rd files
Result: NOTE
checkRd: (-1) phenowheat.Rd:18: Lost braces in \enumerate; meant \describe ?
checkRd: (-1) phenowheat.Rd:19: Lost braces in \enumerate; meant \describe ?
Flavors: r-devel-linux-x86_64-debian-clang, r-devel-linux-x86_64-fedora-clang, r-devel-linux-x86_64-fedora-gcc, r-devel-windows-x86_64, r-patched-linux-x86_64, r-release-linux-x86_64, r-release-macos-arm64, r-release-windows-x86_64
These binaries (installable software) and packages are in development.
They may not be fully stable and should be used with caution. We make no claims about them.